{"id":4966,"date":"2023-05-26T17:44:17","date_gmt":"2023-05-26T14:44:17","guid":{"rendered":"https:\/\/autoleasing.fi\/yrityksille\/?page_id=4966"},"modified":"2025-05-07T10:34:06","modified_gmt":"2025-05-07T07:34:06","slug":"leasingautojen-palautuspisteet","status":"publish","type":"page","link":"https:\/\/autoleasing.fi\/yrityksille\/autoilijalle\/leasingauton-palautus\/leasingautojen-palautuspisteet\/","title":{"rendered":"Leasingautojen palautuspisteet"},"content":{"rendered":"\n<div class=\"wp-block-group row bg-grey is-layout-flow wp-block-group-is-layout-flow\">\n<div class=\"wp-block-group site-content wrapper flex-columns has-global-padding is-layout-constrained wp-block-group-is-layout-constrained\">\n<div class=\"wp-block-columns is-layout-flex wp-container-core-columns-is-layout-28f84493 wp-block-columns-is-layout-flex\">\n<div class=\"wp-block-column has-white-background-color has-background is-layout-flow wp-block-column-is-layout-flow\" style=\"padding-top:var(--wp--preset--spacing--60);padding-right:var(--wp--preset--spacing--60);padding-bottom:var(--wp--preset--spacing--60);padding-left:var(--wp--preset--spacing--60)\">\n<h2 class=\"wp-block-heading\">P\u00e4\u00e4kaupunkiseudun palautukset<\/h2>\n\n\n\n<p><strong>Vantaa, Koivuhaka<\/strong><\/p>\n\n\n\n<p>Palautustarkastukset ja v\u00e4litarkastukset<br>Ayvens<br>Ohtolankatu 4, 01510 Vantaa<br>Puh.&nbsp;<a href=\"tel:+358104042990\">010 404 2990<\/a><br><a href=\"mailto:asiakaspalvelu@nffleet.com\">asiakaspalvelu@nffleet.com<\/a><br>Avoinna ma-pe 8.00 \u2013 17.00<\/p>\n\n\n\n<p>Mik\u00e4li haluat itse olla mukana auton tarkastuksessa, suosittelemme saapumaan Vantaan Koivuhaan palautuspisteeseen viimeist\u00e4\u00e4n klo 15.30. Tarkastus vie aikaa noin 30 minuuttia.<\/p>\n\n\n\n<p><strong>Espoo, Kivenlahti<\/strong><\/p>\n\n\n\n<p>Incar Oy Kivenlahti<br>Tillinm\u00e4entie 1, 02330 Espoo<br>Puh.&nbsp;<a href=\"tel:+358104042993\">0300 247 253<\/a><br><a href=\"mailto:asiakaspalvelu@nffleet.com\">asiakaspalvelu@nffleet.com<\/a><br>Avoinna ma-pe 7.30 \u2013 16.30<\/p>\n\n\n\n<h2 class=\"wp-block-heading\">Oulun alueen palautukset<\/h2>\n\n\n\n<p>Palautustarkastukset ja v\u00e4litarkastukset<br>InCar Oy, Vasaratie 1, 90410 Oulu<br>Puh.&nbsp;<a href=\"tel:+358 104042999\">010 404 2999<\/a><br><a href=\"mailto:asiakaspalvelu@nffleet.com\"><\/a><a href=\"mailto:asiakaspalvelu@nffleet.com\">asiakaspalvelu@nffleet.com<\/a><br>Avoinna ma-pe 8.00 \u2013 16.00<\/p>\n<\/div>\n\n\n\n<div class=\"wp-block-column has-white-background-color has-background is-layout-flow wp-block-column-is-layout-flow\" style=\"padding-top:var(--wp--preset--spacing--60);padding-right:var(--wp--preset--spacing--60);padding-bottom:var(--wp--preset--spacing--60);padding-left:var(--wp--preset--spacing--60)\">\n<h2 class=\"wp-block-heading\">Tampereen alueen palautukset<\/h2>\n\n\n\n<p>Palautustarkastukset ja v\u00e4litarkastukset<br>InCar Lielahti, Turvesuonkatu 14, 33400 Tampere<br>Puh.&nbsp;<a href=\"tel:+358300247295\">0300 247 295<\/a><br><a href=\"mailto:asiakaspalvelu@nffleet.com\">asiakaspalvelu@nffleet.com<\/a><br>Avoinna ma-pe 8.00 \u2013 16.00<\/p>\n\n\n\n<p>Palautustarkastukset<br>InCar Oy Pirkkala, Autokeskuksentie 16 B, 33960 Pirkkala<br>Puh. <a href=\"tel:0300247268\">0300 247&nbsp;268<\/a><br><a href=\"mailto:asiakaspalvelu@nffleet.com\"><\/a><a href=\"mailto:asiakaspalvelu@nffleet.com\">asiakaspalvelu@nffleet.com<\/a><br>Avoinna ma-pe 07.30 \u2013 16.30<\/p>\n\n\n\n<h2 class=\"wp-block-heading\">Palautus muuhun paikkaan<\/h2>\n\n\n\n<p>Voit palauttaa leasingauton my\u00f6s muualle kuin NF Fleetin palvelupisteeseen erikseen sovittaessa. Muualle tapahtuvasta palautuksesta on aina sovittava kirjallisesti NF Fleetin kanssa.<\/p>\n\n\n\n<p>Ilmoita autosi tiedot, palautusp\u00e4iv\u00e4 ja -paikka s\u00e4hk\u00f6postilla osoitteeseen&nbsp;<a href=\"mailto:asiakaspalvelu@nffleet.com\"><\/a><a href=\"mailto:asiakaspalvelu@nffleet.com\">asiakaspalvelu@nffleet.com<\/a>. Huomioithan, ett\u00e4 muualle palautettu auto aiheuttaa siirtoveloituksen. Asiakas on vastuussa autosta, kunnes lopullinen palautustarkastus on suoritettu NF Fleetin palautuspisteess\u00e4.<\/p>\n\n\n\n<p><a href=\"https:\/\/autoleasing.fi\/yrityksille\/autoilijalle\/leasingauton-palautus\/henkiloauton-palauttaminen\/\" data-type=\"page\" data-id=\"4962\">Henkil\u00f6auton palauttaminen<\/a><br><a href=\"https:\/\/autoleasing.fi\/yrityksille\/autoilijalle\/leasingauton-palautus\/hyotyajoneuvon-palauttaminen\/\" data-type=\"page\" data-id=\"4964\">Hy\u00f6tyajoneuvon palauttaminen<\/a><\/p>\n\n\n\n<p><a href=\"https:\/\/autoleasing.fi\/yrityksille\/autoilijalle\/leasingauton-palautus\/henkiloauton-palauttaminen\/\" data-type=\"page\" data-id=\"4962\">\u2190 <\/a><a href=\"https:\/\/autoleasing.fi\/yrityksille\/autoilijalle\/leasingauton-palautus\/\" data-type=\"page\" data-id=\"4957\">Takaisin<\/a><\/p>\n<\/div>\n<\/div>\n<\/div>\n<\/div>\n","protected":false},"excerpt":{"rendered":"<p>P\u00e4\u00e4kaupunkiseudun palautukset Vantaa, Koivuhaka Palautustarkastukset ja v\u00e4litarkastuksetAyvensOhtolankatu 4, 01510 VantaaPuh.&nbsp;010 404 2990asiakaspalvelu@nffleet.comAvoinna ma-pe 8.00 \u2013 17.00 Mik\u00e4li haluat itse olla mukana auton tarkastuksessa, suosittelemme saapumaan Vantaan Koivuhaan palautuspisteeseen viimeist\u00e4\u00e4n klo 15.30. Tarkastus vie aikaa noin 30 minuuttia. Espoo, Kivenlahti Incar Oy KivenlahtiTillinm\u00e4entie 1, 02330 EspooPuh.&nbsp;0300 247 253asiakaspalvelu@nffleet.comAvoinna ma-pe 7.30 \u2013 16.30 Oulun alueen palautukset Palautustarkastukset [&hellip;]<\/p>\n","protected":false},"author":1,"featured_media":5375,"parent":4957,"menu_order":0,"comment_status":"closed","ping_status":"closed","template":"","meta":{"_acf_changed":false,"footnotes":""},"class_list":["post-4966","page","type-page","status-publish","has-post-thumbnail","hentry"],"acf":[],"yoast_head":"<!-- This site is optimized with the Yoast SEO plugin v27.2 - https:\/\/yoast.com\/product\/yoast-seo-wordpress\/ -->\n<title>Leasingautojen palautuspisteet - Autoleasing \u2013 Yrityksille<\/title>\n<meta name=\"robots\" content=\"index, follow, max-snippet:-1, max-image-preview:large, max-video-preview:-1\" \/>\n<link rel=\"canonical\" href=\"https:\/\/autoleasing.fi\/yrityksille\/autoilijalle\/leasingauton-palautus\/leasingautojen-palautuspisteet\/\" \/>\n<meta property=\"og:locale\" content=\"fi_FI\" \/>\n<meta property=\"og:type\" content=\"article\" \/>\n<meta property=\"og:title\" content=\"Leasingautojen palautuspisteet - Autoleasing \u2013 Yrityksille\" \/>\n<meta property=\"og:description\" content=\"P\u00e4\u00e4kaupunkiseudun palautukset Vantaa, Koivuhaka Palautustarkastukset ja v\u00e4litarkastuksetAyvensOhtolankatu 4, 01510 VantaaPuh.&nbsp;010 404 2990asiakaspalvelu@nffleet.comAvoinna ma-pe 8.00 \u2013 17.00 Mik\u00e4li haluat itse olla mukana auton tarkastuksessa, suosittelemme saapumaan Vantaan Koivuhaan palautuspisteeseen viimeist\u00e4\u00e4n klo 15.30. Tarkastus vie aikaa noin 30 minuuttia. Espoo, Kivenlahti Incar Oy KivenlahtiTillinm\u00e4entie 1, 02330 EspooPuh.&nbsp;0300 247 253asiakaspalvelu@nffleet.comAvoinna ma-pe 7.30 \u2013 16.30 Oulun alueen palautukset Palautustarkastukset [&hellip;]\" \/>\n<meta property=\"og:url\" content=\"https:\/\/autoleasing.fi\/yrityksille\/autoilijalle\/leasingauton-palautus\/leasingautojen-palautuspisteet\/\" \/>\n<meta property=\"og:site_name\" content=\"Autoleasing \u2013 Yrityksille\" \/>\n<meta property=\"article:modified_time\" content=\"2025-05-07T07:34:06+00:00\" \/>\n<meta property=\"og:image\" content=\"https:\/\/autoleasing.fi\/yrityksille\/wp-content\/uploads\/2023\/05\/portrait-of-smiling-bearded-man-on-the-beach-1.jpg\" \/>\n\t<meta property=\"og:image:width\" content=\"1600\" \/>\n\t<meta property=\"og:image:height\" content=\"1067\" \/>\n\t<meta property=\"og:image:type\" content=\"image\/jpeg\" \/>\n<meta name=\"twitter:card\" content=\"summary_large_image\" \/>\n<meta name=\"twitter:label1\" content=\"Arvioitu lukuaika\" \/>\n\t<meta name=\"twitter:data1\" content=\"2 minuuttia\" \/>\n<script type=\"application\/ld+json\" class=\"yoast-schema-graph\">{\"@context\":\"https:\/\/schema.org\",\"@graph\":[{\"@type\":\"WebPage\",\"@id\":\"https:\/\/autoleasing.fi\/yrityksille\/autoilijalle\/leasingauton-palautus\/leasingautojen-palautuspisteet\/\",\"url\":\"https:\/\/autoleasing.fi\/yrityksille\/autoilijalle\/leasingauton-palautus\/leasingautojen-palautuspisteet\/\",\"name\":\"Leasingautojen palautuspisteet - Autoleasing \u2013 Yrityksille\",\"isPartOf\":{\"@id\":\"https:\/\/autoleasing.fi\/yrityksille\/#website\"},\"primaryImageOfPage\":{\"@id\":\"https:\/\/autoleasing.fi\/yrityksille\/autoilijalle\/leasingauton-palautus\/leasingautojen-palautuspisteet\/#primaryimage\"},\"image\":{\"@id\":\"https:\/\/autoleasing.fi\/yrityksille\/autoilijalle\/leasingauton-palautus\/leasingautojen-palautuspisteet\/#primaryimage\"},\"thumbnailUrl\":\"https:\/\/autoleasing.fi\/yrityksille\/wp-content\/uploads\/2023\/05\/portrait-of-smiling-bearded-man-on-the-beach-1.jpg\",\"datePublished\":\"2023-05-26T14:44:17+00:00\",\"dateModified\":\"2025-05-07T07:34:06+00:00\",\"breadcrumb\":{\"@id\":\"https:\/\/autoleasing.fi\/yrityksille\/autoilijalle\/leasingauton-palautus\/leasingautojen-palautuspisteet\/#breadcrumb\"},\"inLanguage\":\"fi\",\"potentialAction\":[{\"@type\":\"ReadAction\",\"target\":[\"https:\/\/autoleasing.fi\/yrityksille\/autoilijalle\/leasingauton-palautus\/leasingautojen-palautuspisteet\/\"]}]},{\"@type\":\"ImageObject\",\"inLanguage\":\"fi\",\"@id\":\"https:\/\/autoleasing.fi\/yrityksille\/autoilijalle\/leasingauton-palautus\/leasingautojen-palautuspisteet\/#primaryimage\",\"url\":\"https:\/\/autoleasing.fi\/yrityksille\/wp-content\/uploads\/2023\/05\/portrait-of-smiling-bearded-man-on-the-beach-1.jpg\",\"contentUrl\":\"https:\/\/autoleasing.fi\/yrityksille\/wp-content\/uploads\/2023\/05\/portrait-of-smiling-bearded-man-on-the-beach-1.jpg\",\"width\":1600,\"height\":1067},{\"@type\":\"BreadcrumbList\",\"@id\":\"https:\/\/autoleasing.fi\/yrityksille\/autoilijalle\/leasingauton-palautus\/leasingautojen-palautuspisteet\/#breadcrumb\",\"itemListElement\":[{\"@type\":\"ListItem\",\"position\":1,\"name\":\"Etusivu\",\"item\":\"https:\/\/autoleasing.fi\/yrityksille\/\"},{\"@type\":\"ListItem\",\"position\":2,\"name\":\"Autoilijalle\",\"item\":\"https:\/\/autoleasing.fi\/yrityksille\/autoilijalle\/\"},{\"@type\":\"ListItem\",\"position\":3,\"name\":\"Leasingauton palautus\",\"item\":\"https:\/\/autoleasing.fi\/yrityksille\/autoilijalle\/leasingauton-palautus\/\"},{\"@type\":\"ListItem\",\"position\":4,\"name\":\"Leasingautojen palautuspisteet\"}]},{\"@type\":\"WebSite\",\"@id\":\"https:\/\/autoleasing.fi\/yrityksille\/#website\",\"url\":\"https:\/\/autoleasing.fi\/yrityksille\/\",\"name\":\"Autoleasing \u2013 Yrityksille\",\"description\":\"\",\"publisher\":{\"@id\":\"https:\/\/autoleasing.fi\/yrityksille\/#organization\"},\"potentialAction\":[{\"@type\":\"SearchAction\",\"target\":{\"@type\":\"EntryPoint\",\"urlTemplate\":\"https:\/\/autoleasing.fi\/yrityksille\/?s={search_term_string}\"},\"query-input\":{\"@type\":\"PropertyValueSpecification\",\"valueRequired\":true,\"valueName\":\"search_term_string\"}}],\"inLanguage\":\"fi\"},{\"@type\":\"Organization\",\"@id\":\"https:\/\/autoleasing.fi\/yrityksille\/#organization\",\"name\":\"Autoleasing \u2013 Yrityksille\",\"url\":\"https:\/\/autoleasing.fi\/yrityksille\/\",\"logo\":{\"@type\":\"ImageObject\",\"inLanguage\":\"fi\",\"@id\":\"https:\/\/autoleasing.fi\/yrityksille\/#\/schema\/logo\/image\/\",\"url\":\"https:\/\/autoleasing.fi\/yrityksille\/wp-content\/uploads\/2023\/05\/happy-young-woman-looking-out-of-car-window-2.jpg\",\"contentUrl\":\"https:\/\/autoleasing.fi\/yrityksille\/wp-content\/uploads\/2023\/05\/happy-young-woman-looking-out-of-car-window-2.jpg\",\"width\":1600,\"height\":1157,\"caption\":\"Autoleasing \u2013 Yrityksille\"},\"image\":{\"@id\":\"https:\/\/autoleasing.fi\/yrityksille\/#\/schema\/logo\/image\/\"},\"sameAs\":[\"https:\/\/fi.linkedin.com\/company\/nffleetfinland\"]}]}<\/script>\n<!-- \/ Yoast SEO plugin. -->","yoast_head_json":{"title":"Leasingautojen palautuspisteet - Autoleasing \u2013 Yrityksille","robots":{"index":"index","follow":"follow","max-snippet":"max-snippet:-1","max-image-preview":"max-image-preview:large","max-video-preview":"max-video-preview:-1"},"canonical":"https:\/\/autoleasing.fi\/yrityksille\/autoilijalle\/leasingauton-palautus\/leasingautojen-palautuspisteet\/","og_locale":"fi_FI","og_type":"article","og_title":"Leasingautojen palautuspisteet - Autoleasing \u2013 Yrityksille","og_description":"P\u00e4\u00e4kaupunkiseudun palautukset Vantaa, Koivuhaka Palautustarkastukset ja v\u00e4litarkastuksetAyvensOhtolankatu 4, 01510 VantaaPuh.&nbsp;010 404 2990asiakaspalvelu@nffleet.comAvoinna ma-pe 8.00 \u2013 17.00 Mik\u00e4li haluat itse olla mukana auton tarkastuksessa, suosittelemme saapumaan Vantaan Koivuhaan palautuspisteeseen viimeist\u00e4\u00e4n klo 15.30. Tarkastus vie aikaa noin 30 minuuttia. Espoo, Kivenlahti Incar Oy KivenlahtiTillinm\u00e4entie 1, 02330 EspooPuh.&nbsp;0300 247 253asiakaspalvelu@nffleet.comAvoinna ma-pe 7.30 \u2013 16.30 Oulun alueen palautukset Palautustarkastukset [&hellip;]","og_url":"https:\/\/autoleasing.fi\/yrityksille\/autoilijalle\/leasingauton-palautus\/leasingautojen-palautuspisteet\/","og_site_name":"Autoleasing \u2013 Yrityksille","article_modified_time":"2025-05-07T07:34:06+00:00","og_image":[{"width":1600,"height":1067,"url":"https:\/\/autoleasing.fi\/yrityksille\/wp-content\/uploads\/2023\/05\/portrait-of-smiling-bearded-man-on-the-beach-1.jpg","type":"image\/jpeg"}],"twitter_card":"summary_large_image","twitter_misc":{"Arvioitu lukuaika":"2 minuuttia"},"schema":{"@context":"https:\/\/schema.org","@graph":[{"@type":"WebPage","@id":"https:\/\/autoleasing.fi\/yrityksille\/autoilijalle\/leasingauton-palautus\/leasingautojen-palautuspisteet\/","url":"https:\/\/autoleasing.fi\/yrityksille\/autoilijalle\/leasingauton-palautus\/leasingautojen-palautuspisteet\/","name":"Leasingautojen palautuspisteet - Autoleasing \u2013 Yrityksille","isPartOf":{"@id":"https:\/\/autoleasing.fi\/yrityksille\/#website"},"primaryImageOfPage":{"@id":"https:\/\/autoleasing.fi\/yrityksille\/autoilijalle\/leasingauton-palautus\/leasingautojen-palautuspisteet\/#primaryimage"},"image":{"@id":"https:\/\/autoleasing.fi\/yrityksille\/autoilijalle\/leasingauton-palautus\/leasingautojen-palautuspisteet\/#primaryimage"},"thumbnailUrl":"https:\/\/autoleasing.fi\/yrityksille\/wp-content\/uploads\/2023\/05\/portrait-of-smiling-bearded-man-on-the-beach-1.jpg","datePublished":"2023-05-26T14:44:17+00:00","dateModified":"2025-05-07T07:34:06+00:00","breadcrumb":{"@id":"https:\/\/autoleasing.fi\/yrityksille\/autoilijalle\/leasingauton-palautus\/leasingautojen-palautuspisteet\/#breadcrumb"},"inLanguage":"fi","potentialAction":[{"@type":"ReadAction","target":["https:\/\/autoleasing.fi\/yrityksille\/autoilijalle\/leasingauton-palautus\/leasingautojen-palautuspisteet\/"]}]},{"@type":"ImageObject","inLanguage":"fi","@id":"https:\/\/autoleasing.fi\/yrityksille\/autoilijalle\/leasingauton-palautus\/leasingautojen-palautuspisteet\/#primaryimage","url":"https:\/\/autoleasing.fi\/yrityksille\/wp-content\/uploads\/2023\/05\/portrait-of-smiling-bearded-man-on-the-beach-1.jpg","contentUrl":"https:\/\/autoleasing.fi\/yrityksille\/wp-content\/uploads\/2023\/05\/portrait-of-smiling-bearded-man-on-the-beach-1.jpg","width":1600,"height":1067},{"@type":"BreadcrumbList","@id":"https:\/\/autoleasing.fi\/yrityksille\/autoilijalle\/leasingauton-palautus\/leasingautojen-palautuspisteet\/#breadcrumb","itemListElement":[{"@type":"ListItem","position":1,"name":"Etusivu","item":"https:\/\/autoleasing.fi\/yrityksille\/"},{"@type":"ListItem","position":2,"name":"Autoilijalle","item":"https:\/\/autoleasing.fi\/yrityksille\/autoilijalle\/"},{"@type":"ListItem","position":3,"name":"Leasingauton palautus","item":"https:\/\/autoleasing.fi\/yrityksille\/autoilijalle\/leasingauton-palautus\/"},{"@type":"ListItem","position":4,"name":"Leasingautojen palautuspisteet"}]},{"@type":"WebSite","@id":"https:\/\/autoleasing.fi\/yrityksille\/#website","url":"https:\/\/autoleasing.fi\/yrityksille\/","name":"Autoleasing \u2013 Yrityksille","description":"","publisher":{"@id":"https:\/\/autoleasing.fi\/yrityksille\/#organization"},"potentialAction":[{"@type":"SearchAction","target":{"@type":"EntryPoint","urlTemplate":"https:\/\/autoleasing.fi\/yrityksille\/?s={search_term_string}"},"query-input":{"@type":"PropertyValueSpecification","valueRequired":true,"valueName":"search_term_string"}}],"inLanguage":"fi"},{"@type":"Organization","@id":"https:\/\/autoleasing.fi\/yrityksille\/#organization","name":"Autoleasing \u2013 Yrityksille","url":"https:\/\/autoleasing.fi\/yrityksille\/","logo":{"@type":"ImageObject","inLanguage":"fi","@id":"https:\/\/autoleasing.fi\/yrityksille\/#\/schema\/logo\/image\/","url":"https:\/\/autoleasing.fi\/yrityksille\/wp-content\/uploads\/2023\/05\/happy-young-woman-looking-out-of-car-window-2.jpg","contentUrl":"https:\/\/autoleasing.fi\/yrityksille\/wp-content\/uploads\/2023\/05\/happy-young-woman-looking-out-of-car-window-2.jpg","width":1600,"height":1157,"caption":"Autoleasing \u2013 Yrityksille"},"image":{"@id":"https:\/\/autoleasing.fi\/yrityksille\/#\/schema\/logo\/image\/"},"sameAs":["https:\/\/fi.linkedin.com\/company\/nffleetfinland"]}]}},"_links":{"self":[{"href":"https:\/\/autoleasing.fi\/yrityksille\/wp-json\/wp\/v2\/pages\/4966","targetHints":{"allow":["GET"]}}],"collection":[{"href":"https:\/\/autoleasing.fi\/yrityksille\/wp-json\/wp\/v2\/pages"}],"about":[{"href":"https:\/\/autoleasing.fi\/yrityksille\/wp-json\/wp\/v2\/types\/page"}],"author":[{"embeddable":true,"href":"https:\/\/autoleasing.fi\/yrityksille\/wp-json\/wp\/v2\/users\/1"}],"replies":[{"embeddable":true,"href":"https:\/\/autoleasing.fi\/yrityksille\/wp-json\/wp\/v2\/comments?post=4966"}],"version-history":[{"count":19,"href":"https:\/\/autoleasing.fi\/yrityksille\/wp-json\/wp\/v2\/pages\/4966\/revisions"}],"predecessor-version":[{"id":6384,"href":"https:\/\/autoleasing.fi\/yrityksille\/wp-json\/wp\/v2\/pages\/4966\/revisions\/6384"}],"up":[{"embeddable":true,"href":"https:\/\/autoleasing.fi\/yrityksille\/wp-json\/wp\/v2\/pages\/4957"}],"wp:featuredmedia":[{"embeddable":true,"href":"https:\/\/autoleasing.fi\/yrityksille\/wp-json\/wp\/v2\/media\/5375"}],"wp:attachment":[{"href":"https:\/\/autoleasing.fi\/yrityksille\/wp-json\/wp\/v2\/media?parent=4966"}],"curies":[{"name":"wp","href":"https:\/\/api.w.org\/{rel}","templated":true}]}}