{"id":4944,"date":"2023-05-26T17:17:39","date_gmt":"2023-05-26T14:17:39","guid":{"rendered":"https:\/\/autoleasing.fi\/yrityksille\/?page_id=4944"},"modified":"2025-06-02T15:57:13","modified_gmt":"2025-06-02T12:57:13","slug":"autopesu","status":"publish","type":"page","link":"https:\/\/autoleasing.fi\/yrityksille\/lisapalvelut\/autopesu\/","title":{"rendered":"Autopesu"},"content":{"rendered":"\n<div class=\"wp-block-group row is-layout-flow wp-block-group-is-layout-flow\">\n<div class=\"wp-block-group site-content is-layout-flow wp-block-group-is-layout-flow\">\n<h2 class=\"wp-block-heading\">Helppo Autopesu<\/h2>\n\n\n\n<p>Autopesu on helppo tapa pit\u00e4\u00e4 leasingautot puhtaina. Ty\u00f6suhdeautoilla palvelu toimii k\u00e4tev\u00e4sti mobiilisovelluksella ja autoilija voi valita vapaasti haluamansa pesuohjelman. Tuotantoautoilla palvelu toimii rekisteritunnisteen kautta, jolloin autoille on erikseen m\u00e4\u00e4ritelty pesukategoria. My\u00f6s tuotantoautojen varustepesut ovat mahdollisia.<\/p>\n\n\n\n<p>Saat Autopesu-palvelun yrityksesi leasingautoille k\u00e4ytt\u00f6\u00f6n helposti ja nopeasti. Ota yhteytt\u00e4 asiakaspalveluumme, niin aktivoimme palvelun yrityksesi autoilijoiden k\u00e4ytt\u00f6\u00f6n.<\/p>\n\n\n\n<div class=\"wp-block-buttons is-layout-flex wp-block-buttons-is-layout-flex\">\n<div class=\"wp-block-button popup\"><a class=\"wp-block-button__link wp-element-button\" href=\"#yhteydenotto\">Ota yhteytt\u00e4<\/a><\/div>\n<\/div>\n\n\n\n<h2 class=\"wp-block-heading\">Autopesu toimii ymp\u00e4ri Suomen<\/h2>\n\n\n\n<p>Autopesu-asiakkaana sinua palvelee 27 pesuasemaa eri puolella Suomea, ja k\u00e4yt\u00f6ss\u00e4si on kaikki pesuohjelmat ymp\u00e4ri vuorokauden. NF Fleetin kumppanina Autopesussa toimii Juhlapesu.\u00a0Tarkistathan etuk\u00e4teen, sis\u00e4ltyyk\u00f6 yhteisty\u00f6 yrityksenne yhteisty\u00f6sopimukseen.<\/p>\n\n\n\n<div class=\"wp-block-buttons is-layout-flex wp-block-buttons-is-layout-flex\">\n<div class=\"wp-block-button\"><a class=\"wp-block-button__link wp-element-button\" href=\"https:\/\/www.juhlapesu.fi\/autopesulat\/\" target=\"_blank\" rel=\"noreferrer noopener\">Autopesulat<\/a><\/div>\n<\/div>\n\n\n\n<p><\/p>\n\n\n\n<p>Autopesut voidaan hoitaa yrityksen polttoainekortilla ABC:n, Nesteen sek\u00e4 St1\/Shellin asemilla.<\/p>\n\n\n\n<p>Lis\u00e4ksi tarjoamme mahdollisuutta k\u00e4ytt\u00e4\u00e4 pesuun seuraavia pisteit\u00e4, jolloin lasku kiert\u00e4\u00e4 kauttamme asiakasyritykselle:<\/p>\n\n\n\n<ul class=\"wp-block-list\">\n<li>InCar Autopesula Kauppakeskus Redi<\/li>\n\n\n\n<li>InCar Helsinki Mall of Tripla<\/li>\n\n\n\n<li>Korrek Pro Center<\/li>\n\n\n\n<li>AutoDent<\/li>\n\n\n\n<li>MJE-Fix<\/li>\n\n\n\n<li>Autoklinikka Merkkihuolto Konala, Pit\u00e4j\u00e4nm\u00e4ki ja Alppila<\/li>\n\n\n\n<li>Eri automerkkien viralliset j\u00e4lleenmyyntipisteet, jotka suorittavat pesuja<\/li>\n<\/ul>\n\n\n\n<p>Tarkista yrityksesi autopolitiikasta, kuuluuko auton pesut autopolitiikkaanne ennen palvelun k\u00e4ytt\u00f6\u00e4.<\/p>\n<\/div>\n<\/div>\n\n\n\n<p><\/p>\n","protected":false},"excerpt":{"rendered":"<p>Helppo Autopesu Autopesu on helppo tapa pit\u00e4\u00e4 leasingautot puhtaina. Ty\u00f6suhdeautoilla palvelu toimii k\u00e4tev\u00e4sti mobiilisovelluksella ja autoilija voi valita vapaasti haluamansa pesuohjelman. Tuotantoautoilla palvelu toimii rekisteritunnisteen kautta, jolloin autoille on erikseen m\u00e4\u00e4ritelty pesukategoria. My\u00f6s tuotantoautojen varustepesut ovat mahdollisia. Saat Autopesu-palvelun yrityksesi leasingautoille k\u00e4ytt\u00f6\u00f6n helposti ja nopeasti. Ota yhteytt\u00e4 asiakaspalveluumme, niin aktivoimme palvelun yrityksesi autoilijoiden k\u00e4ytt\u00f6\u00f6n. Autopesu [&hellip;]<\/p>\n","protected":false},"author":1,"featured_media":5437,"parent":4600,"menu_order":0,"comment_status":"closed","ping_status":"closed","template":"page-templates\/additional-services.php","meta":{"_acf_changed":false,"footnotes":""},"class_list":["post-4944","page","type-page","status-publish","has-post-thumbnail","hentry"],"acf":[],"yoast_head":"<!-- This site is optimized with the Yoast SEO plugin v27.5 - https:\/\/yoast.com\/product\/yoast-seo-wordpress\/ -->\n<title>Autopesu - Autoleasing \u2013 Yrityksille<\/title>\n<meta name=\"robots\" content=\"index, follow, max-snippet:-1, max-image-preview:large, max-video-preview:-1\" \/>\n<link rel=\"canonical\" href=\"https:\/\/autoleasing.fi\/yrityksille\/lisapalvelut\/autopesu\/\" \/>\n<meta property=\"og:locale\" content=\"fi_FI\" \/>\n<meta property=\"og:type\" content=\"article\" \/>\n<meta property=\"og:title\" content=\"Autopesu - Autoleasing \u2013 Yrityksille\" \/>\n<meta property=\"og:description\" content=\"Helppo Autopesu Autopesu on helppo tapa pit\u00e4\u00e4 leasingautot puhtaina. Ty\u00f6suhdeautoilla palvelu toimii k\u00e4tev\u00e4sti mobiilisovelluksella ja autoilija voi valita vapaasti haluamansa pesuohjelman. Tuotantoautoilla palvelu toimii rekisteritunnisteen kautta, jolloin autoille on erikseen m\u00e4\u00e4ritelty pesukategoria. My\u00f6s tuotantoautojen varustepesut ovat mahdollisia. Saat Autopesu-palvelun yrityksesi leasingautoille k\u00e4ytt\u00f6\u00f6n helposti ja nopeasti. Ota yhteytt\u00e4 asiakaspalveluumme, niin aktivoimme palvelun yrityksesi autoilijoiden k\u00e4ytt\u00f6\u00f6n. Autopesu [&hellip;]\" \/>\n<meta property=\"og:url\" content=\"https:\/\/autoleasing.fi\/yrityksille\/lisapalvelut\/autopesu\/\" \/>\n<meta property=\"og:site_name\" content=\"Autoleasing \u2013 Yrityksille\" \/>\n<meta property=\"article:modified_time\" content=\"2025-06-02T12:57:13+00:00\" \/>\n<meta property=\"og:image\" content=\"https:\/\/autoleasing.fi\/yrityksille\/wp-content\/uploads\/2023\/05\/two-white-vans-in-a-parking-lot-1.jpg\" \/>\n\t<meta property=\"og:image:width\" content=\"1600\" \/>\n\t<meta property=\"og:image:height\" content=\"1067\" \/>\n\t<meta property=\"og:image:type\" content=\"image\/jpeg\" \/>\n<meta name=\"twitter:card\" content=\"summary_large_image\" \/>\n<meta name=\"twitter:label1\" content=\"Arvioitu lukuaika\" \/>\n\t<meta name=\"twitter:data1\" content=\"2 minuuttia\" \/>\n<script type=\"application\/ld+json\" class=\"yoast-schema-graph\">{\"@context\":\"https:\\\/\\\/schema.org\",\"@graph\":[{\"@type\":\"WebPage\",\"@id\":\"https:\\\/\\\/autoleasing.fi\\\/yrityksille\\\/lisapalvelut\\\/autopesu\\\/\",\"url\":\"https:\\\/\\\/autoleasing.fi\\\/yrityksille\\\/lisapalvelut\\\/autopesu\\\/\",\"name\":\"Autopesu - Autoleasing \u2013 Yrityksille\",\"isPartOf\":{\"@id\":\"https:\\\/\\\/autoleasing.fi\\\/yrityksille\\\/#website\"},\"primaryImageOfPage\":{\"@id\":\"https:\\\/\\\/autoleasing.fi\\\/yrityksille\\\/lisapalvelut\\\/autopesu\\\/#primaryimage\"},\"image\":{\"@id\":\"https:\\\/\\\/autoleasing.fi\\\/yrityksille\\\/lisapalvelut\\\/autopesu\\\/#primaryimage\"},\"thumbnailUrl\":\"https:\\\/\\\/autoleasing.fi\\\/yrityksille\\\/wp-content\\\/uploads\\\/2023\\\/05\\\/two-white-vans-in-a-parking-lot-1.jpg\",\"datePublished\":\"2023-05-26T14:17:39+00:00\",\"dateModified\":\"2025-06-02T12:57:13+00:00\",\"breadcrumb\":{\"@id\":\"https:\\\/\\\/autoleasing.fi\\\/yrityksille\\\/lisapalvelut\\\/autopesu\\\/#breadcrumb\"},\"inLanguage\":\"fi\",\"potentialAction\":[{\"@type\":\"ReadAction\",\"target\":[\"https:\\\/\\\/autoleasing.fi\\\/yrityksille\\\/lisapalvelut\\\/autopesu\\\/\"]}]},{\"@type\":\"ImageObject\",\"inLanguage\":\"fi\",\"@id\":\"https:\\\/\\\/autoleasing.fi\\\/yrityksille\\\/lisapalvelut\\\/autopesu\\\/#primaryimage\",\"url\":\"https:\\\/\\\/autoleasing.fi\\\/yrityksille\\\/wp-content\\\/uploads\\\/2023\\\/05\\\/two-white-vans-in-a-parking-lot-1.jpg\",\"contentUrl\":\"https:\\\/\\\/autoleasing.fi\\\/yrityksille\\\/wp-content\\\/uploads\\\/2023\\\/05\\\/two-white-vans-in-a-parking-lot-1.jpg\",\"width\":1600,\"height\":1067},{\"@type\":\"BreadcrumbList\",\"@id\":\"https:\\\/\\\/autoleasing.fi\\\/yrityksille\\\/lisapalvelut\\\/autopesu\\\/#breadcrumb\",\"itemListElement\":[{\"@type\":\"ListItem\",\"position\":1,\"name\":\"Etusivu\",\"item\":\"https:\\\/\\\/autoleasing.fi\\\/yrityksille\\\/\"},{\"@type\":\"ListItem\",\"position\":2,\"name\":\"Lis\u00e4palvelut\",\"item\":\"https:\\\/\\\/autoleasing.fi\\\/yrityksille\\\/lisapalvelut\\\/\"},{\"@type\":\"ListItem\",\"position\":3,\"name\":\"Autopesu\"}]},{\"@type\":\"WebSite\",\"@id\":\"https:\\\/\\\/autoleasing.fi\\\/yrityksille\\\/#website\",\"url\":\"https:\\\/\\\/autoleasing.fi\\\/yrityksille\\\/\",\"name\":\"Autoleasing \u2013 Yrityksille\",\"description\":\"\",\"publisher\":{\"@id\":\"https:\\\/\\\/autoleasing.fi\\\/yrityksille\\\/#organization\"},\"potentialAction\":[{\"@type\":\"SearchAction\",\"target\":{\"@type\":\"EntryPoint\",\"urlTemplate\":\"https:\\\/\\\/autoleasing.fi\\\/yrityksille\\\/?s={search_term_string}\"},\"query-input\":{\"@type\":\"PropertyValueSpecification\",\"valueRequired\":true,\"valueName\":\"search_term_string\"}}],\"inLanguage\":\"fi\"},{\"@type\":\"Organization\",\"@id\":\"https:\\\/\\\/autoleasing.fi\\\/yrityksille\\\/#organization\",\"name\":\"Autoleasing \u2013 Yrityksille\",\"url\":\"https:\\\/\\\/autoleasing.fi\\\/yrityksille\\\/\",\"logo\":{\"@type\":\"ImageObject\",\"inLanguage\":\"fi\",\"@id\":\"https:\\\/\\\/autoleasing.fi\\\/yrityksille\\\/#\\\/schema\\\/logo\\\/image\\\/\",\"url\":\"https:\\\/\\\/autoleasing.fi\\\/yrityksille\\\/wp-content\\\/uploads\\\/2023\\\/05\\\/happy-young-woman-looking-out-of-car-window-2.jpg\",\"contentUrl\":\"https:\\\/\\\/autoleasing.fi\\\/yrityksille\\\/wp-content\\\/uploads\\\/2023\\\/05\\\/happy-young-woman-looking-out-of-car-window-2.jpg\",\"width\":1600,\"height\":1157,\"caption\":\"Autoleasing \u2013 Yrityksille\"},\"image\":{\"@id\":\"https:\\\/\\\/autoleasing.fi\\\/yrityksille\\\/#\\\/schema\\\/logo\\\/image\\\/\"},\"sameAs\":[\"https:\\\/\\\/fi.linkedin.com\\\/company\\\/nffleetfinland\"]}]}<\/script>\n<!-- \/ Yoast SEO plugin. -->","yoast_head_json":{"title":"Autopesu - Autoleasing \u2013 Yrityksille","robots":{"index":"index","follow":"follow","max-snippet":"max-snippet:-1","max-image-preview":"max-image-preview:large","max-video-preview":"max-video-preview:-1"},"canonical":"https:\/\/autoleasing.fi\/yrityksille\/lisapalvelut\/autopesu\/","og_locale":"fi_FI","og_type":"article","og_title":"Autopesu - Autoleasing \u2013 Yrityksille","og_description":"Helppo Autopesu Autopesu on helppo tapa pit\u00e4\u00e4 leasingautot puhtaina. Ty\u00f6suhdeautoilla palvelu toimii k\u00e4tev\u00e4sti mobiilisovelluksella ja autoilija voi valita vapaasti haluamansa pesuohjelman. Tuotantoautoilla palvelu toimii rekisteritunnisteen kautta, jolloin autoille on erikseen m\u00e4\u00e4ritelty pesukategoria. My\u00f6s tuotantoautojen varustepesut ovat mahdollisia. Saat Autopesu-palvelun yrityksesi leasingautoille k\u00e4ytt\u00f6\u00f6n helposti ja nopeasti. Ota yhteytt\u00e4 asiakaspalveluumme, niin aktivoimme palvelun yrityksesi autoilijoiden k\u00e4ytt\u00f6\u00f6n. Autopesu [&hellip;]","og_url":"https:\/\/autoleasing.fi\/yrityksille\/lisapalvelut\/autopesu\/","og_site_name":"Autoleasing \u2013 Yrityksille","article_modified_time":"2025-06-02T12:57:13+00:00","og_image":[{"width":1600,"height":1067,"url":"https:\/\/autoleasing.fi\/yrityksille\/wp-content\/uploads\/2023\/05\/two-white-vans-in-a-parking-lot-1.jpg","type":"image\/jpeg"}],"twitter_card":"summary_large_image","twitter_misc":{"Arvioitu lukuaika":"2 minuuttia"},"schema":{"@context":"https:\/\/schema.org","@graph":[{"@type":"WebPage","@id":"https:\/\/autoleasing.fi\/yrityksille\/lisapalvelut\/autopesu\/","url":"https:\/\/autoleasing.fi\/yrityksille\/lisapalvelut\/autopesu\/","name":"Autopesu - Autoleasing \u2013 Yrityksille","isPartOf":{"@id":"https:\/\/autoleasing.fi\/yrityksille\/#website"},"primaryImageOfPage":{"@id":"https:\/\/autoleasing.fi\/yrityksille\/lisapalvelut\/autopesu\/#primaryimage"},"image":{"@id":"https:\/\/autoleasing.fi\/yrityksille\/lisapalvelut\/autopesu\/#primaryimage"},"thumbnailUrl":"https:\/\/autoleasing.fi\/yrityksille\/wp-content\/uploads\/2023\/05\/two-white-vans-in-a-parking-lot-1.jpg","datePublished":"2023-05-26T14:17:39+00:00","dateModified":"2025-06-02T12:57:13+00:00","breadcrumb":{"@id":"https:\/\/autoleasing.fi\/yrityksille\/lisapalvelut\/autopesu\/#breadcrumb"},"inLanguage":"fi","potentialAction":[{"@type":"ReadAction","target":["https:\/\/autoleasing.fi\/yrityksille\/lisapalvelut\/autopesu\/"]}]},{"@type":"ImageObject","inLanguage":"fi","@id":"https:\/\/autoleasing.fi\/yrityksille\/lisapalvelut\/autopesu\/#primaryimage","url":"https:\/\/autoleasing.fi\/yrityksille\/wp-content\/uploads\/2023\/05\/two-white-vans-in-a-parking-lot-1.jpg","contentUrl":"https:\/\/autoleasing.fi\/yrityksille\/wp-content\/uploads\/2023\/05\/two-white-vans-in-a-parking-lot-1.jpg","width":1600,"height":1067},{"@type":"BreadcrumbList","@id":"https:\/\/autoleasing.fi\/yrityksille\/lisapalvelut\/autopesu\/#breadcrumb","itemListElement":[{"@type":"ListItem","position":1,"name":"Etusivu","item":"https:\/\/autoleasing.fi\/yrityksille\/"},{"@type":"ListItem","position":2,"name":"Lis\u00e4palvelut","item":"https:\/\/autoleasing.fi\/yrityksille\/lisapalvelut\/"},{"@type":"ListItem","position":3,"name":"Autopesu"}]},{"@type":"WebSite","@id":"https:\/\/autoleasing.fi\/yrityksille\/#website","url":"https:\/\/autoleasing.fi\/yrityksille\/","name":"Autoleasing \u2013 Yrityksille","description":"","publisher":{"@id":"https:\/\/autoleasing.fi\/yrityksille\/#organization"},"potentialAction":[{"@type":"SearchAction","target":{"@type":"EntryPoint","urlTemplate":"https:\/\/autoleasing.fi\/yrityksille\/?s={search_term_string}"},"query-input":{"@type":"PropertyValueSpecification","valueRequired":true,"valueName":"search_term_string"}}],"inLanguage":"fi"},{"@type":"Organization","@id":"https:\/\/autoleasing.fi\/yrityksille\/#organization","name":"Autoleasing \u2013 Yrityksille","url":"https:\/\/autoleasing.fi\/yrityksille\/","logo":{"@type":"ImageObject","inLanguage":"fi","@id":"https:\/\/autoleasing.fi\/yrityksille\/#\/schema\/logo\/image\/","url":"https:\/\/autoleasing.fi\/yrityksille\/wp-content\/uploads\/2023\/05\/happy-young-woman-looking-out-of-car-window-2.jpg","contentUrl":"https:\/\/autoleasing.fi\/yrityksille\/wp-content\/uploads\/2023\/05\/happy-young-woman-looking-out-of-car-window-2.jpg","width":1600,"height":1157,"caption":"Autoleasing \u2013 Yrityksille"},"image":{"@id":"https:\/\/autoleasing.fi\/yrityksille\/#\/schema\/logo\/image\/"},"sameAs":["https:\/\/fi.linkedin.com\/company\/nffleetfinland"]}]}},"_links":{"self":[{"href":"https:\/\/autoleasing.fi\/yrityksille\/wp-json\/wp\/v2\/pages\/4944","targetHints":{"allow":["GET"]}}],"collection":[{"href":"https:\/\/autoleasing.fi\/yrityksille\/wp-json\/wp\/v2\/pages"}],"about":[{"href":"https:\/\/autoleasing.fi\/yrityksille\/wp-json\/wp\/v2\/types\/page"}],"author":[{"embeddable":true,"href":"https:\/\/autoleasing.fi\/yrityksille\/wp-json\/wp\/v2\/users\/1"}],"replies":[{"embeddable":true,"href":"https:\/\/autoleasing.fi\/yrityksille\/wp-json\/wp\/v2\/comments?post=4944"}],"version-history":[{"count":16,"href":"https:\/\/autoleasing.fi\/yrityksille\/wp-json\/wp\/v2\/pages\/4944\/revisions"}],"predecessor-version":[{"id":6400,"href":"https:\/\/autoleasing.fi\/yrityksille\/wp-json\/wp\/v2\/pages\/4944\/revisions\/6400"}],"up":[{"embeddable":true,"href":"https:\/\/autoleasing.fi\/yrityksille\/wp-json\/wp\/v2\/pages\/4600"}],"wp:featuredmedia":[{"embeddable":true,"href":"https:\/\/autoleasing.fi\/yrityksille\/wp-json\/wp\/v2\/media\/5437"}],"wp:attachment":[{"href":"https:\/\/autoleasing.fi\/yrityksille\/wp-json\/wp\/v2\/media?parent=4944"}],"curies":[{"name":"wp","href":"https:\/\/api.w.org\/{rel}","templated":true}]}}