{"id":4922,"date":"2023-05-26T17:10:41","date_gmt":"2023-05-26T14:10:41","guid":{"rendered":"https:\/\/autoleasing.fi\/yrityksille\/?page_id=4922"},"modified":"2023-05-30T17:16:50","modified_gmt":"2023-05-30T14:16:50","slug":"ajotietopalvelu","status":"publish","type":"page","link":"https:\/\/autoleasing.fi\/yrityksille\/lisapalvelut\/ajotietopalvelu\/","title":{"rendered":"Ajotietopalvelu"},"content":{"rendered":"\n<div class=\"wp-block-group row is-layout-flow wp-block-group-is-layout-flow\">\n<div class=\"wp-block-group site-content is-layout-flow wp-block-group-is-layout-flow\">\n<h2 class=\"wp-block-heading\">Tehokas Ajotietopalvelu<\/h2>\n\n\n\n<p>Yksinkertainen ja tehokas Ajotietopalvelu tuottaa ajoista automaattisen ajop\u00e4iv\u00e4kirjan, joka on helposti integroitavissa esimerkiksi yrityksen omaan matkalaskuj\u00e4rjestelm\u00e4\u00e4n. Lis\u00e4ksi j\u00e4rjestelm\u00e4 tuottaa automaattisesti verottajaa varten tarvittavat koosteet. Tuotantoautoille tarjottava ajotietopalvelu on laajennettavissa t\u00e4ydelliseksi yritysautojen hallintapalveluksi.<\/p>\n\n\n\n<p>Ota yhteytt\u00e4, niin otamme palvelun yrityksesi k\u00e4ytt\u00f6\u00f6n ja opastamme palvelun k\u00e4yt\u00f6ss\u00e4.<\/p>\n\n\n\n<div class=\"wp-block-buttons is-layout-flex wp-block-buttons-is-layout-flex\">\n<div class=\"wp-block-button popup\"><a class=\"wp-block-button__link wp-element-button\" href=\"#yhteydenotto\">Ota yhteytt\u00e4<\/a><\/div>\n<\/div>\n<\/div>\n<\/div>\n","protected":false},"excerpt":{"rendered":"<p>Tehokas Ajotietopalvelu Yksinkertainen ja tehokas Ajotietopalvelu tuottaa ajoista automaattisen ajop\u00e4iv\u00e4kirjan, joka on helposti integroitavissa esimerkiksi yrityksen omaan matkalaskuj\u00e4rjestelm\u00e4\u00e4n. Lis\u00e4ksi j\u00e4rjestelm\u00e4 tuottaa automaattisesti verottajaa varten tarvittavat koosteet. Tuotantoautoille tarjottava ajotietopalvelu on laajennettavissa t\u00e4ydelliseksi yritysautojen hallintapalveluksi. Ota yhteytt\u00e4, niin otamme palvelun yrityksesi k\u00e4ytt\u00f6\u00f6n ja opastamme palvelun k\u00e4yt\u00f6ss\u00e4.<\/p>\n","protected":false},"author":1,"featured_media":5280,"parent":4600,"menu_order":0,"comment_status":"closed","ping_status":"closed","template":"page-templates\/additional-services.php","meta":{"_acf_changed":false,"footnotes":""},"class_list":["post-4922","page","type-page","status-publish","has-post-thumbnail","hentry"],"acf":[],"yoast_head":"<!-- This site is optimized with the Yoast SEO plugin v27.2 - https:\/\/yoast.com\/product\/yoast-seo-wordpress\/ -->\n<title>Ajotietopalvelu - Autoleasing \u2013 Yrityksille<\/title>\n<meta name=\"robots\" content=\"index, follow, max-snippet:-1, max-image-preview:large, max-video-preview:-1\" \/>\n<link rel=\"canonical\" href=\"https:\/\/autoleasing.fi\/yrityksille\/lisapalvelut\/ajotietopalvelu\/\" \/>\n<meta property=\"og:locale\" content=\"fi_FI\" \/>\n<meta property=\"og:type\" content=\"article\" \/>\n<meta property=\"og:title\" content=\"Ajotietopalvelu - Autoleasing \u2013 Yrityksille\" \/>\n<meta property=\"og:description\" content=\"Tehokas Ajotietopalvelu Yksinkertainen ja tehokas Ajotietopalvelu tuottaa ajoista automaattisen ajop\u00e4iv\u00e4kirjan, joka on helposti integroitavissa esimerkiksi yrityksen omaan matkalaskuj\u00e4rjestelm\u00e4\u00e4n. Lis\u00e4ksi j\u00e4rjestelm\u00e4 tuottaa automaattisesti verottajaa varten tarvittavat koosteet. Tuotantoautoille tarjottava ajotietopalvelu on laajennettavissa t\u00e4ydelliseksi yritysautojen hallintapalveluksi. Ota yhteytt\u00e4, niin otamme palvelun yrityksesi k\u00e4ytt\u00f6\u00f6n ja opastamme palvelun k\u00e4yt\u00f6ss\u00e4.\" \/>\n<meta property=\"og:url\" content=\"https:\/\/autoleasing.fi\/yrityksille\/lisapalvelut\/ajotietopalvelu\/\" \/>\n<meta property=\"og:site_name\" content=\"Autoleasing \u2013 Yrityksille\" \/>\n<meta property=\"article:modified_time\" content=\"2023-05-30T14:16:50+00:00\" \/>\n<meta property=\"og:image\" content=\"https:\/\/autoleasing.fi\/yrityksille\/wp-content\/uploads\/2023\/05\/business-analysis-stock-graph-backtest-in-crisis-covid-19-for-investment-in-stockmarket-and-finance-business-planning-selective-stock-for-stockmarket-crash-and-financial-crisis.jpg\" \/>\n\t<meta property=\"og:image:width\" content=\"1600\" \/>\n\t<meta property=\"og:image:height\" content=\"1067\" \/>\n\t<meta property=\"og:image:type\" content=\"image\/jpeg\" \/>\n<meta name=\"twitter:card\" content=\"summary_large_image\" \/>\n<script type=\"application\/ld+json\" class=\"yoast-schema-graph\">{\"@context\":\"https:\/\/schema.org\",\"@graph\":[{\"@type\":\"WebPage\",\"@id\":\"https:\/\/autoleasing.fi\/yrityksille\/lisapalvelut\/ajotietopalvelu\/\",\"url\":\"https:\/\/autoleasing.fi\/yrityksille\/lisapalvelut\/ajotietopalvelu\/\",\"name\":\"Ajotietopalvelu - Autoleasing \u2013 Yrityksille\",\"isPartOf\":{\"@id\":\"https:\/\/autoleasing.fi\/yrityksille\/#website\"},\"primaryImageOfPage\":{\"@id\":\"https:\/\/autoleasing.fi\/yrityksille\/lisapalvelut\/ajotietopalvelu\/#primaryimage\"},\"image\":{\"@id\":\"https:\/\/autoleasing.fi\/yrityksille\/lisapalvelut\/ajotietopalvelu\/#primaryimage\"},\"thumbnailUrl\":\"https:\/\/autoleasing.fi\/yrityksille\/wp-content\/uploads\/2023\/05\/business-analysis-stock-graph-backtest-in-crisis-covid-19-for-investment-in-stockmarket-and-finance-business-planning-selective-stock-for-stockmarket-crash-and-financial-crisis.jpg\",\"datePublished\":\"2023-05-26T14:10:41+00:00\",\"dateModified\":\"2023-05-30T14:16:50+00:00\",\"breadcrumb\":{\"@id\":\"https:\/\/autoleasing.fi\/yrityksille\/lisapalvelut\/ajotietopalvelu\/#breadcrumb\"},\"inLanguage\":\"fi\",\"potentialAction\":[{\"@type\":\"ReadAction\",\"target\":[\"https:\/\/autoleasing.fi\/yrityksille\/lisapalvelut\/ajotietopalvelu\/\"]}]},{\"@type\":\"ImageObject\",\"inLanguage\":\"fi\",\"@id\":\"https:\/\/autoleasing.fi\/yrityksille\/lisapalvelut\/ajotietopalvelu\/#primaryimage\",\"url\":\"https:\/\/autoleasing.fi\/yrityksille\/wp-content\/uploads\/2023\/05\/business-analysis-stock-graph-backtest-in-crisis-covid-19-for-investment-in-stockmarket-and-finance-business-planning-selective-stock-for-stockmarket-crash-and-financial-crisis.jpg\",\"contentUrl\":\"https:\/\/autoleasing.fi\/yrityksille\/wp-content\/uploads\/2023\/05\/business-analysis-stock-graph-backtest-in-crisis-covid-19-for-investment-in-stockmarket-and-finance-business-planning-selective-stock-for-stockmarket-crash-and-financial-crisis.jpg\",\"width\":1600,\"height\":1067,\"caption\":\"Business analysis stock graph backtest in crisis covid-19 for investment in stockmarket and finance business planning selective stock for Stockmarket crash and Financial crisis\"},{\"@type\":\"BreadcrumbList\",\"@id\":\"https:\/\/autoleasing.fi\/yrityksille\/lisapalvelut\/ajotietopalvelu\/#breadcrumb\",\"itemListElement\":[{\"@type\":\"ListItem\",\"position\":1,\"name\":\"Etusivu\",\"item\":\"https:\/\/autoleasing.fi\/yrityksille\/\"},{\"@type\":\"ListItem\",\"position\":2,\"name\":\"Lis\u00e4palvelut\",\"item\":\"https:\/\/autoleasing.fi\/yrityksille\/lisapalvelut\/\"},{\"@type\":\"ListItem\",\"position\":3,\"name\":\"Ajotietopalvelu\"}]},{\"@type\":\"WebSite\",\"@id\":\"https:\/\/autoleasing.fi\/yrityksille\/#website\",\"url\":\"https:\/\/autoleasing.fi\/yrityksille\/\",\"name\":\"Autoleasing \u2013 Yrityksille\",\"description\":\"\",\"publisher\":{\"@id\":\"https:\/\/autoleasing.fi\/yrityksille\/#organization\"},\"potentialAction\":[{\"@type\":\"SearchAction\",\"target\":{\"@type\":\"EntryPoint\",\"urlTemplate\":\"https:\/\/autoleasing.fi\/yrityksille\/?s={search_term_string}\"},\"query-input\":{\"@type\":\"PropertyValueSpecification\",\"valueRequired\":true,\"valueName\":\"search_term_string\"}}],\"inLanguage\":\"fi\"},{\"@type\":\"Organization\",\"@id\":\"https:\/\/autoleasing.fi\/yrityksille\/#organization\",\"name\":\"Autoleasing \u2013 Yrityksille\",\"url\":\"https:\/\/autoleasing.fi\/yrityksille\/\",\"logo\":{\"@type\":\"ImageObject\",\"inLanguage\":\"fi\",\"@id\":\"https:\/\/autoleasing.fi\/yrityksille\/#\/schema\/logo\/image\/\",\"url\":\"https:\/\/autoleasing.fi\/yrityksille\/wp-content\/uploads\/2023\/05\/happy-young-woman-looking-out-of-car-window-2.jpg\",\"contentUrl\":\"https:\/\/autoleasing.fi\/yrityksille\/wp-content\/uploads\/2023\/05\/happy-young-woman-looking-out-of-car-window-2.jpg\",\"width\":1600,\"height\":1157,\"caption\":\"Autoleasing \u2013 Yrityksille\"},\"image\":{\"@id\":\"https:\/\/autoleasing.fi\/yrityksille\/#\/schema\/logo\/image\/\"},\"sameAs\":[\"https:\/\/fi.linkedin.com\/company\/nffleetfinland\"]}]}<\/script>\n<!-- \/ Yoast SEO plugin. -->","yoast_head_json":{"title":"Ajotietopalvelu - Autoleasing \u2013 Yrityksille","robots":{"index":"index","follow":"follow","max-snippet":"max-snippet:-1","max-image-preview":"max-image-preview:large","max-video-preview":"max-video-preview:-1"},"canonical":"https:\/\/autoleasing.fi\/yrityksille\/lisapalvelut\/ajotietopalvelu\/","og_locale":"fi_FI","og_type":"article","og_title":"Ajotietopalvelu - Autoleasing \u2013 Yrityksille","og_description":"Tehokas Ajotietopalvelu Yksinkertainen ja tehokas Ajotietopalvelu tuottaa ajoista automaattisen ajop\u00e4iv\u00e4kirjan, joka on helposti integroitavissa esimerkiksi yrityksen omaan matkalaskuj\u00e4rjestelm\u00e4\u00e4n. Lis\u00e4ksi j\u00e4rjestelm\u00e4 tuottaa automaattisesti verottajaa varten tarvittavat koosteet. Tuotantoautoille tarjottava ajotietopalvelu on laajennettavissa t\u00e4ydelliseksi yritysautojen hallintapalveluksi. Ota yhteytt\u00e4, niin otamme palvelun yrityksesi k\u00e4ytt\u00f6\u00f6n ja opastamme palvelun k\u00e4yt\u00f6ss\u00e4.","og_url":"https:\/\/autoleasing.fi\/yrityksille\/lisapalvelut\/ajotietopalvelu\/","og_site_name":"Autoleasing \u2013 Yrityksille","article_modified_time":"2023-05-30T14:16:50+00:00","og_image":[{"width":1600,"height":1067,"url":"https:\/\/autoleasing.fi\/yrityksille\/wp-content\/uploads\/2023\/05\/business-analysis-stock-graph-backtest-in-crisis-covid-19-for-investment-in-stockmarket-and-finance-business-planning-selective-stock-for-stockmarket-crash-and-financial-crisis.jpg","type":"image\/jpeg"}],"twitter_card":"summary_large_image","schema":{"@context":"https:\/\/schema.org","@graph":[{"@type":"WebPage","@id":"https:\/\/autoleasing.fi\/yrityksille\/lisapalvelut\/ajotietopalvelu\/","url":"https:\/\/autoleasing.fi\/yrityksille\/lisapalvelut\/ajotietopalvelu\/","name":"Ajotietopalvelu - Autoleasing \u2013 Yrityksille","isPartOf":{"@id":"https:\/\/autoleasing.fi\/yrityksille\/#website"},"primaryImageOfPage":{"@id":"https:\/\/autoleasing.fi\/yrityksille\/lisapalvelut\/ajotietopalvelu\/#primaryimage"},"image":{"@id":"https:\/\/autoleasing.fi\/yrityksille\/lisapalvelut\/ajotietopalvelu\/#primaryimage"},"thumbnailUrl":"https:\/\/autoleasing.fi\/yrityksille\/wp-content\/uploads\/2023\/05\/business-analysis-stock-graph-backtest-in-crisis-covid-19-for-investment-in-stockmarket-and-finance-business-planning-selective-stock-for-stockmarket-crash-and-financial-crisis.jpg","datePublished":"2023-05-26T14:10:41+00:00","dateModified":"2023-05-30T14:16:50+00:00","breadcrumb":{"@id":"https:\/\/autoleasing.fi\/yrityksille\/lisapalvelut\/ajotietopalvelu\/#breadcrumb"},"inLanguage":"fi","potentialAction":[{"@type":"ReadAction","target":["https:\/\/autoleasing.fi\/yrityksille\/lisapalvelut\/ajotietopalvelu\/"]}]},{"@type":"ImageObject","inLanguage":"fi","@id":"https:\/\/autoleasing.fi\/yrityksille\/lisapalvelut\/ajotietopalvelu\/#primaryimage","url":"https:\/\/autoleasing.fi\/yrityksille\/wp-content\/uploads\/2023\/05\/business-analysis-stock-graph-backtest-in-crisis-covid-19-for-investment-in-stockmarket-and-finance-business-planning-selective-stock-for-stockmarket-crash-and-financial-crisis.jpg","contentUrl":"https:\/\/autoleasing.fi\/yrityksille\/wp-content\/uploads\/2023\/05\/business-analysis-stock-graph-backtest-in-crisis-covid-19-for-investment-in-stockmarket-and-finance-business-planning-selective-stock-for-stockmarket-crash-and-financial-crisis.jpg","width":1600,"height":1067,"caption":"Business analysis stock graph backtest in crisis covid-19 for investment in stockmarket and finance business planning selective stock for Stockmarket crash and Financial crisis"},{"@type":"BreadcrumbList","@id":"https:\/\/autoleasing.fi\/yrityksille\/lisapalvelut\/ajotietopalvelu\/#breadcrumb","itemListElement":[{"@type":"ListItem","position":1,"name":"Etusivu","item":"https:\/\/autoleasing.fi\/yrityksille\/"},{"@type":"ListItem","position":2,"name":"Lis\u00e4palvelut","item":"https:\/\/autoleasing.fi\/yrityksille\/lisapalvelut\/"},{"@type":"ListItem","position":3,"name":"Ajotietopalvelu"}]},{"@type":"WebSite","@id":"https:\/\/autoleasing.fi\/yrityksille\/#website","url":"https:\/\/autoleasing.fi\/yrityksille\/","name":"Autoleasing \u2013 Yrityksille","description":"","publisher":{"@id":"https:\/\/autoleasing.fi\/yrityksille\/#organization"},"potentialAction":[{"@type":"SearchAction","target":{"@type":"EntryPoint","urlTemplate":"https:\/\/autoleasing.fi\/yrityksille\/?s={search_term_string}"},"query-input":{"@type":"PropertyValueSpecification","valueRequired":true,"valueName":"search_term_string"}}],"inLanguage":"fi"},{"@type":"Organization","@id":"https:\/\/autoleasing.fi\/yrityksille\/#organization","name":"Autoleasing \u2013 Yrityksille","url":"https:\/\/autoleasing.fi\/yrityksille\/","logo":{"@type":"ImageObject","inLanguage":"fi","@id":"https:\/\/autoleasing.fi\/yrityksille\/#\/schema\/logo\/image\/","url":"https:\/\/autoleasing.fi\/yrityksille\/wp-content\/uploads\/2023\/05\/happy-young-woman-looking-out-of-car-window-2.jpg","contentUrl":"https:\/\/autoleasing.fi\/yrityksille\/wp-content\/uploads\/2023\/05\/happy-young-woman-looking-out-of-car-window-2.jpg","width":1600,"height":1157,"caption":"Autoleasing \u2013 Yrityksille"},"image":{"@id":"https:\/\/autoleasing.fi\/yrityksille\/#\/schema\/logo\/image\/"},"sameAs":["https:\/\/fi.linkedin.com\/company\/nffleetfinland"]}]}},"_links":{"self":[{"href":"https:\/\/autoleasing.fi\/yrityksille\/wp-json\/wp\/v2\/pages\/4922","targetHints":{"allow":["GET"]}}],"collection":[{"href":"https:\/\/autoleasing.fi\/yrityksille\/wp-json\/wp\/v2\/pages"}],"about":[{"href":"https:\/\/autoleasing.fi\/yrityksille\/wp-json\/wp\/v2\/types\/page"}],"author":[{"embeddable":true,"href":"https:\/\/autoleasing.fi\/yrityksille\/wp-json\/wp\/v2\/users\/1"}],"replies":[{"embeddable":true,"href":"https:\/\/autoleasing.fi\/yrityksille\/wp-json\/wp\/v2\/comments?post=4922"}],"version-history":[{"count":5,"href":"https:\/\/autoleasing.fi\/yrityksille\/wp-json\/wp\/v2\/pages\/4922\/revisions"}],"predecessor-version":[{"id":5340,"href":"https:\/\/autoleasing.fi\/yrityksille\/wp-json\/wp\/v2\/pages\/4922\/revisions\/5340"}],"up":[{"embeddable":true,"href":"https:\/\/autoleasing.fi\/yrityksille\/wp-json\/wp\/v2\/pages\/4600"}],"wp:featuredmedia":[{"embeddable":true,"href":"https:\/\/autoleasing.fi\/yrityksille\/wp-json\/wp\/v2\/media\/5280"}],"wp:attachment":[{"href":"https:\/\/autoleasing.fi\/yrityksille\/wp-json\/wp\/v2\/media?parent=4922"}],"curies":[{"name":"wp","href":"https:\/\/api.w.org\/{rel}","templated":true}]}}