{"id":4841,"date":"2023-05-26T12:40:50","date_gmt":"2023-05-26T09:40:50","guid":{"rendered":"https:\/\/autoleasing.fi\/yrityksille\/?page_id=4841"},"modified":"2026-03-13T12:58:16","modified_gmt":"2026-03-13T10:58:16","slug":"leasingauton-hankinta","status":"publish","type":"page","link":"https:\/\/autoleasing.fi\/yrityksille\/autoilijalle\/leasingauton-hankinta\/","title":{"rendered":"Leasingauton hankinta"},"content":{"rendered":"\n<div class=\"wp-block-group has-background-background-color has-background has-global-padding is-layout-constrained wp-container-core-group-is-layout-301020a0 wp-block-group-is-layout-constrained\" style=\"padding-top:var(--wp--preset--spacing--50);padding-right:var(--wp--preset--spacing--50);padding-bottom:var(--wp--preset--spacing--50);padding-left:var(--wp--preset--spacing--50)\">\n<div style=\"height:6px\" aria-hidden=\"true\" class=\"wp-block-spacer\"><\/div>\n\n\n\n<h2 class=\"wp-block-heading\">N\u00e4in tilaat auton<\/h2>\n\n\n\n<div class=\"wp-block-columns box-row is-layout-flex wp-container-core-columns-is-layout-08c01c1c wp-block-columns-is-layout-flex\">\n<div class=\"wp-block-column has-white-background-color has-background is-layout-flow wp-block-column-is-layout-flow\" style=\"flex-basis:33.34%\">\n<div class=\"wp-block-group has-white-background-color has-background has-global-padding is-layout-constrained wp-container-core-group-is-layout-301020a0 wp-block-group-is-layout-constrained\" style=\"padding-top:var(--wp--preset--spacing--50);padding-right:var(--wp--preset--spacing--50);padding-bottom:var(--wp--preset--spacing--50);padding-left:var(--wp--preset--spacing--50)\">\n<h3 class=\"wp-block-heading\">1. <strong>Selvit\u00e4 yrityksenne autopolitiikka<\/strong><\/h3>\n\n\n\n<p>Olethan ensimm\u00e4isen\u00e4 yhteydess\u00e4 yrityksenne autoasioista vastaavaan henkil\u00f6\u00f6n. H\u00e4n osaa kertoa yrityksenne autopolitiikan pohjalta, mitk\u00e4 automerkit ja -mallit ovat valittavanasi. Tarkista my\u00f6s oletko oikeutettu k\u00e4ytt\u00f6etuun vai vapaaseen autoetuun.<\/p>\n<\/div>\n<\/div>\n\n\n\n<div class=\"wp-block-column has-white-background-color has-background is-layout-flow wp-block-column-is-layout-flow\" style=\"flex-basis:33.34%\">\n<div class=\"wp-block-group has-white-background-color has-background has-global-padding is-layout-constrained wp-container-core-group-is-layout-301020a0 wp-block-group-is-layout-constrained\" style=\"padding-top:var(--wp--preset--spacing--50);padding-right:var(--wp--preset--spacing--50);padding-bottom:var(--wp--preset--spacing--50);padding-left:var(--wp--preset--spacing--50)\">\n<h3 class=\"wp-block-heading\">2. <strong>Vertaile ja koeaja autoja<\/strong><\/h3>\n\n\n\n<p><a href=\"https:\/\/autoleasing.fi\/yrityksille\/autoilijalle\/verotusarvolaskuri\/\" data-type=\"page\" data-id=\"4480\">Verotusarvolaskurimme<\/a> avulla voit helposti laskea ja vertailla autoedun m\u00e4\u00e4r\u00e4\u00e4 eri autoille. Kartoita oman ajamisen tarpeet ja k\u00e4y autoliikkeess\u00e4 koeajamassa sinua kiinnostavat automallit.&nbsp;<\/p>\n<\/div>\n<\/div>\n\n\n\n<div class=\"wp-block-column has-white-background-color has-background is-layout-flow wp-block-column-is-layout-flow\" style=\"flex-basis:33.33%\">\n<div class=\"wp-block-group has-white-background-color has-background has-global-padding is-layout-constrained wp-container-core-group-is-layout-301020a0 wp-block-group-is-layout-constrained\" style=\"padding-top:var(--wp--preset--spacing--50);padding-right:var(--wp--preset--spacing--50);padding-bottom:var(--wp--preset--spacing--50);padding-left:var(--wp--preset--spacing--50)\">\n<h3 class=\"wp-block-heading\">3. <strong>Pyyd\u00e4 tarjous<\/strong><\/h3>\n\n\n\n<p>Kun l\u00f6yd\u00e4t sopivan auton, pyyd\u00e4 autoliikett\u00e4 l\u00e4hett\u00e4m\u00e4\u00e4n tarjous NF Fleetille osoitteeseen <a href=\"mailto:tarjoukset@nffleet.com\">tarjoukset@nffleet.com<\/a>. Teemme sen pohjalta tarjouslaskelman ja olemme yhteydess\u00e4 sinuun pian.<\/p>\n<\/div>\n<\/div>\n<\/div>\n\n\n\n<div class=\"wp-block-columns box-row is-layout-flex wp-container-core-columns-is-layout-08c01c1c wp-block-columns-is-layout-flex\">\n<div class=\"wp-block-column has-white-background-color has-background is-layout-flow wp-block-column-is-layout-flow\" style=\"flex-basis:33.34%\">\n<div class=\"wp-block-group has-white-background-color has-background has-global-padding is-layout-constrained wp-container-core-group-is-layout-301020a0 wp-block-group-is-layout-constrained\" style=\"padding-top:var(--wp--preset--spacing--50);padding-right:var(--wp--preset--spacing--50);padding-bottom:var(--wp--preset--spacing--50);padding-left:var(--wp--preset--spacing--50)\">\n<h3 class=\"wp-block-heading\">4. <strong>Tilaus<\/strong><\/h3>\n\n\n\n<p>Teemme tilauksen autoliikkeeseen. Saat kaiken tarvittavan tiedon autosi tilauksesta ja toimituksesta s\u00e4hk\u00f6isesti. Tarvittaessa saat k\u00e4ytt\u00f6\u00f6si odotusauton, jolla voit liikkua siihen saakka kunnes uusi autosi saapuu.<\/p>\n<\/div>\n<\/div>\n\n\n\n<div class=\"wp-block-column has-white-background-color has-background is-layout-flow wp-block-column-is-layout-flow\" style=\"flex-basis:33.34%\">\n<div class=\"wp-block-group has-white-background-color has-background has-global-padding is-layout-constrained wp-container-core-group-is-layout-301020a0 wp-block-group-is-layout-constrained\" style=\"padding-top:var(--wp--preset--spacing--50);padding-right:var(--wp--preset--spacing--50);padding-bottom:var(--wp--preset--spacing--50);padding-left:var(--wp--preset--spacing--50)\">\n<h3 class=\"wp-block-heading\">5. <strong>Auton noutaminen<\/strong><\/h3>\n\n\n\n<p>Ilmoitamme sinulle heti kun uusi autosi on valmiina noudettavaksi. Useinmiten luovutus tapahtuu autoliikkeess\u00e4.<\/p>\n<\/div>\n<\/div>\n\n\n\n<div class=\"wp-block-column has-white-background-color has-background is-layout-flow wp-block-column-is-layout-flow\" style=\"flex-basis:33.33%\">\n<div class=\"wp-block-group has-white-background-color has-background has-global-padding is-layout-constrained wp-container-core-group-is-layout-301020a0 wp-block-group-is-layout-constrained\" style=\"padding-top:var(--wp--preset--spacing--50);padding-right:var(--wp--preset--spacing--50);padding-bottom:var(--wp--preset--spacing--50);padding-left:var(--wp--preset--spacing--50)\">\n<h3 class=\"wp-block-heading\">6. <strong>Nauti autoilusta!<\/strong><\/h3>\n\n\n\n<p>Huoleton ty\u00f6suhdeautoilu voi alkaa. NF Fleetin&nbsp;tiimi on tukenasi koko leasingkauden ajan. Muistutamme sinua tulevista katsastuksista ja muista t\u00e4rkeist\u00e4 asioista. Turvallista matkaa!<\/p>\n<\/div>\n<\/div>\n<\/div>\n\n\n\n<p><\/p>\n\n\n\n<div class=\"wp-block-columns is-layout-flex wp-container-core-columns-is-layout-28f84493 wp-block-columns-is-layout-flex\">\n<div class=\"wp-block-column is-layout-flow wp-block-column-is-layout-flow\" style=\"flex-basis:66.66%\">\n<h2 class=\"wp-block-heading\">Kauttamme saatavilla kaikki automerkit ja mallit<\/h2>\n\n\n\n<p>Haluamme tarjota valinnanvaraa ja siksi kauttamme on saatavilla kaikki Suomen markkinoilla olevat automallit- ja merkit.<\/p>\n\n\n\n<div style=\"height:38px\" aria-hidden=\"true\" class=\"wp-block-spacer\"><\/div>\n<\/div>\n\n\n\n<div class=\"wp-block-column is-layout-flow wp-block-column-is-layout-flow\" style=\"flex-basis:33.33%\"><\/div>\n<\/div>\n<\/div>\n","protected":false},"excerpt":{"rendered":"<p>N\u00e4in tilaat auton 1. Selvit\u00e4 yrityksenne autopolitiikka Olethan ensimm\u00e4isen\u00e4 yhteydess\u00e4 yrityksenne autoasioista vastaavaan henkil\u00f6\u00f6n. H\u00e4n osaa kertoa yrityksenne autopolitiikan pohjalta, mitk\u00e4 automerkit ja -mallit ovat valittavanasi. Tarkista my\u00f6s oletko oikeutettu k\u00e4ytt\u00f6etuun vai vapaaseen autoetuun. 2. Vertaile ja koeaja autoja Verotusarvolaskurimme avulla voit helposti laskea ja vertailla autoedun m\u00e4\u00e4r\u00e4\u00e4 eri autoille. Kartoita oman ajamisen tarpeet ja [&hellip;]<\/p>\n","protected":false},"author":1,"featured_media":5370,"parent":4464,"menu_order":0,"comment_status":"closed","ping_status":"closed","template":"","meta":{"_acf_changed":false,"footnotes":""},"class_list":["post-4841","page","type-page","status-publish","has-post-thumbnail","hentry"],"acf":[],"yoast_head":"<!-- This site is optimized with the Yoast SEO plugin v27.5 - https:\/\/yoast.com\/product\/yoast-seo-wordpress\/ -->\n<title>Leasingauton hankinta - Autoleasing \u2013 Yrityksille<\/title>\n<meta name=\"robots\" content=\"index, follow, max-snippet:-1, max-image-preview:large, max-video-preview:-1\" \/>\n<link rel=\"canonical\" href=\"https:\/\/autoleasing.fi\/yrityksille\/autoilijalle\/leasingauton-hankinta\/\" \/>\n<meta property=\"og:locale\" content=\"fi_FI\" \/>\n<meta property=\"og:type\" content=\"article\" \/>\n<meta property=\"og:title\" content=\"Leasingauton hankinta - Autoleasing \u2013 Yrityksille\" \/>\n<meta property=\"og:description\" content=\"N\u00e4in tilaat auton 1. Selvit\u00e4 yrityksenne autopolitiikka Olethan ensimm\u00e4isen\u00e4 yhteydess\u00e4 yrityksenne autoasioista vastaavaan henkil\u00f6\u00f6n. H\u00e4n osaa kertoa yrityksenne autopolitiikan pohjalta, mitk\u00e4 automerkit ja -mallit ovat valittavanasi. Tarkista my\u00f6s oletko oikeutettu k\u00e4ytt\u00f6etuun vai vapaaseen autoetuun. 2. Vertaile ja koeaja autoja Verotusarvolaskurimme avulla voit helposti laskea ja vertailla autoedun m\u00e4\u00e4r\u00e4\u00e4 eri autoille. Kartoita oman ajamisen tarpeet ja [&hellip;]\" \/>\n<meta property=\"og:url\" content=\"https:\/\/autoleasing.fi\/yrityksille\/autoilijalle\/leasingauton-hankinta\/\" \/>\n<meta property=\"og:site_name\" content=\"Autoleasing \u2013 Yrityksille\" \/>\n<meta property=\"article:modified_time\" content=\"2026-03-13T10:58:16+00:00\" \/>\n<meta property=\"og:image\" content=\"https:\/\/autoleasing.fi\/yrityksille\/wp-content\/uploads\/2023\/05\/happy-woman-with-keys-near-the-car-at-the-parking-1.jpg\" \/>\n\t<meta property=\"og:image:width\" content=\"1600\" \/>\n\t<meta property=\"og:image:height\" content=\"1125\" \/>\n\t<meta property=\"og:image:type\" content=\"image\/jpeg\" \/>\n<meta name=\"twitter:card\" content=\"summary_large_image\" \/>\n<meta name=\"twitter:label1\" content=\"Arvioitu lukuaika\" \/>\n\t<meta name=\"twitter:data1\" content=\"2 minuuttia\" \/>\n<script type=\"application\/ld+json\" class=\"yoast-schema-graph\">{\"@context\":\"https:\\\/\\\/schema.org\",\"@graph\":[{\"@type\":\"WebPage\",\"@id\":\"https:\\\/\\\/autoleasing.fi\\\/yrityksille\\\/autoilijalle\\\/leasingauton-hankinta\\\/\",\"url\":\"https:\\\/\\\/autoleasing.fi\\\/yrityksille\\\/autoilijalle\\\/leasingauton-hankinta\\\/\",\"name\":\"Leasingauton hankinta - Autoleasing \u2013 Yrityksille\",\"isPartOf\":{\"@id\":\"https:\\\/\\\/autoleasing.fi\\\/yrityksille\\\/#website\"},\"primaryImageOfPage\":{\"@id\":\"https:\\\/\\\/autoleasing.fi\\\/yrityksille\\\/autoilijalle\\\/leasingauton-hankinta\\\/#primaryimage\"},\"image\":{\"@id\":\"https:\\\/\\\/autoleasing.fi\\\/yrityksille\\\/autoilijalle\\\/leasingauton-hankinta\\\/#primaryimage\"},\"thumbnailUrl\":\"https:\\\/\\\/autoleasing.fi\\\/yrityksille\\\/wp-content\\\/uploads\\\/2023\\\/05\\\/happy-woman-with-keys-near-the-car-at-the-parking-1.jpg\",\"datePublished\":\"2023-05-26T09:40:50+00:00\",\"dateModified\":\"2026-03-13T10:58:16+00:00\",\"breadcrumb\":{\"@id\":\"https:\\\/\\\/autoleasing.fi\\\/yrityksille\\\/autoilijalle\\\/leasingauton-hankinta\\\/#breadcrumb\"},\"inLanguage\":\"fi\",\"potentialAction\":[{\"@type\":\"ReadAction\",\"target\":[\"https:\\\/\\\/autoleasing.fi\\\/yrityksille\\\/autoilijalle\\\/leasingauton-hankinta\\\/\"]}]},{\"@type\":\"ImageObject\",\"inLanguage\":\"fi\",\"@id\":\"https:\\\/\\\/autoleasing.fi\\\/yrityksille\\\/autoilijalle\\\/leasingauton-hankinta\\\/#primaryimage\",\"url\":\"https:\\\/\\\/autoleasing.fi\\\/yrityksille\\\/wp-content\\\/uploads\\\/2023\\\/05\\\/happy-woman-with-keys-near-the-car-at-the-parking-1.jpg\",\"contentUrl\":\"https:\\\/\\\/autoleasing.fi\\\/yrityksille\\\/wp-content\\\/uploads\\\/2023\\\/05\\\/happy-woman-with-keys-near-the-car-at-the-parking-1.jpg\",\"width\":1600,\"height\":1125},{\"@type\":\"BreadcrumbList\",\"@id\":\"https:\\\/\\\/autoleasing.fi\\\/yrityksille\\\/autoilijalle\\\/leasingauton-hankinta\\\/#breadcrumb\",\"itemListElement\":[{\"@type\":\"ListItem\",\"position\":1,\"name\":\"Etusivu\",\"item\":\"https:\\\/\\\/autoleasing.fi\\\/yrityksille\\\/\"},{\"@type\":\"ListItem\",\"position\":2,\"name\":\"Autoilijalle\",\"item\":\"https:\\\/\\\/autoleasing.fi\\\/yrityksille\\\/autoilijalle\\\/\"},{\"@type\":\"ListItem\",\"position\":3,\"name\":\"Leasingauton hankinta\"}]},{\"@type\":\"WebSite\",\"@id\":\"https:\\\/\\\/autoleasing.fi\\\/yrityksille\\\/#website\",\"url\":\"https:\\\/\\\/autoleasing.fi\\\/yrityksille\\\/\",\"name\":\"Autoleasing \u2013 Yrityksille\",\"description\":\"\",\"publisher\":{\"@id\":\"https:\\\/\\\/autoleasing.fi\\\/yrityksille\\\/#organization\"},\"potentialAction\":[{\"@type\":\"SearchAction\",\"target\":{\"@type\":\"EntryPoint\",\"urlTemplate\":\"https:\\\/\\\/autoleasing.fi\\\/yrityksille\\\/?s={search_term_string}\"},\"query-input\":{\"@type\":\"PropertyValueSpecification\",\"valueRequired\":true,\"valueName\":\"search_term_string\"}}],\"inLanguage\":\"fi\"},{\"@type\":\"Organization\",\"@id\":\"https:\\\/\\\/autoleasing.fi\\\/yrityksille\\\/#organization\",\"name\":\"Autoleasing \u2013 Yrityksille\",\"url\":\"https:\\\/\\\/autoleasing.fi\\\/yrityksille\\\/\",\"logo\":{\"@type\":\"ImageObject\",\"inLanguage\":\"fi\",\"@id\":\"https:\\\/\\\/autoleasing.fi\\\/yrityksille\\\/#\\\/schema\\\/logo\\\/image\\\/\",\"url\":\"https:\\\/\\\/autoleasing.fi\\\/yrityksille\\\/wp-content\\\/uploads\\\/2023\\\/05\\\/happy-young-woman-looking-out-of-car-window-2.jpg\",\"contentUrl\":\"https:\\\/\\\/autoleasing.fi\\\/yrityksille\\\/wp-content\\\/uploads\\\/2023\\\/05\\\/happy-young-woman-looking-out-of-car-window-2.jpg\",\"width\":1600,\"height\":1157,\"caption\":\"Autoleasing \u2013 Yrityksille\"},\"image\":{\"@id\":\"https:\\\/\\\/autoleasing.fi\\\/yrityksille\\\/#\\\/schema\\\/logo\\\/image\\\/\"},\"sameAs\":[\"https:\\\/\\\/fi.linkedin.com\\\/company\\\/nffleetfinland\"]}]}<\/script>\n<!-- \/ Yoast SEO plugin. -->","yoast_head_json":{"title":"Leasingauton hankinta - Autoleasing \u2013 Yrityksille","robots":{"index":"index","follow":"follow","max-snippet":"max-snippet:-1","max-image-preview":"max-image-preview:large","max-video-preview":"max-video-preview:-1"},"canonical":"https:\/\/autoleasing.fi\/yrityksille\/autoilijalle\/leasingauton-hankinta\/","og_locale":"fi_FI","og_type":"article","og_title":"Leasingauton hankinta - Autoleasing \u2013 Yrityksille","og_description":"N\u00e4in tilaat auton 1. Selvit\u00e4 yrityksenne autopolitiikka Olethan ensimm\u00e4isen\u00e4 yhteydess\u00e4 yrityksenne autoasioista vastaavaan henkil\u00f6\u00f6n. H\u00e4n osaa kertoa yrityksenne autopolitiikan pohjalta, mitk\u00e4 automerkit ja -mallit ovat valittavanasi. Tarkista my\u00f6s oletko oikeutettu k\u00e4ytt\u00f6etuun vai vapaaseen autoetuun. 2. Vertaile ja koeaja autoja Verotusarvolaskurimme avulla voit helposti laskea ja vertailla autoedun m\u00e4\u00e4r\u00e4\u00e4 eri autoille. Kartoita oman ajamisen tarpeet ja [&hellip;]","og_url":"https:\/\/autoleasing.fi\/yrityksille\/autoilijalle\/leasingauton-hankinta\/","og_site_name":"Autoleasing \u2013 Yrityksille","article_modified_time":"2026-03-13T10:58:16+00:00","og_image":[{"width":1600,"height":1125,"url":"https:\/\/autoleasing.fi\/yrityksille\/wp-content\/uploads\/2023\/05\/happy-woman-with-keys-near-the-car-at-the-parking-1.jpg","type":"image\/jpeg"}],"twitter_card":"summary_large_image","twitter_misc":{"Arvioitu lukuaika":"2 minuuttia"},"schema":{"@context":"https:\/\/schema.org","@graph":[{"@type":"WebPage","@id":"https:\/\/autoleasing.fi\/yrityksille\/autoilijalle\/leasingauton-hankinta\/","url":"https:\/\/autoleasing.fi\/yrityksille\/autoilijalle\/leasingauton-hankinta\/","name":"Leasingauton hankinta - Autoleasing \u2013 Yrityksille","isPartOf":{"@id":"https:\/\/autoleasing.fi\/yrityksille\/#website"},"primaryImageOfPage":{"@id":"https:\/\/autoleasing.fi\/yrityksille\/autoilijalle\/leasingauton-hankinta\/#primaryimage"},"image":{"@id":"https:\/\/autoleasing.fi\/yrityksille\/autoilijalle\/leasingauton-hankinta\/#primaryimage"},"thumbnailUrl":"https:\/\/autoleasing.fi\/yrityksille\/wp-content\/uploads\/2023\/05\/happy-woman-with-keys-near-the-car-at-the-parking-1.jpg","datePublished":"2023-05-26T09:40:50+00:00","dateModified":"2026-03-13T10:58:16+00:00","breadcrumb":{"@id":"https:\/\/autoleasing.fi\/yrityksille\/autoilijalle\/leasingauton-hankinta\/#breadcrumb"},"inLanguage":"fi","potentialAction":[{"@type":"ReadAction","target":["https:\/\/autoleasing.fi\/yrityksille\/autoilijalle\/leasingauton-hankinta\/"]}]},{"@type":"ImageObject","inLanguage":"fi","@id":"https:\/\/autoleasing.fi\/yrityksille\/autoilijalle\/leasingauton-hankinta\/#primaryimage","url":"https:\/\/autoleasing.fi\/yrityksille\/wp-content\/uploads\/2023\/05\/happy-woman-with-keys-near-the-car-at-the-parking-1.jpg","contentUrl":"https:\/\/autoleasing.fi\/yrityksille\/wp-content\/uploads\/2023\/05\/happy-woman-with-keys-near-the-car-at-the-parking-1.jpg","width":1600,"height":1125},{"@type":"BreadcrumbList","@id":"https:\/\/autoleasing.fi\/yrityksille\/autoilijalle\/leasingauton-hankinta\/#breadcrumb","itemListElement":[{"@type":"ListItem","position":1,"name":"Etusivu","item":"https:\/\/autoleasing.fi\/yrityksille\/"},{"@type":"ListItem","position":2,"name":"Autoilijalle","item":"https:\/\/autoleasing.fi\/yrityksille\/autoilijalle\/"},{"@type":"ListItem","position":3,"name":"Leasingauton hankinta"}]},{"@type":"WebSite","@id":"https:\/\/autoleasing.fi\/yrityksille\/#website","url":"https:\/\/autoleasing.fi\/yrityksille\/","name":"Autoleasing \u2013 Yrityksille","description":"","publisher":{"@id":"https:\/\/autoleasing.fi\/yrityksille\/#organization"},"potentialAction":[{"@type":"SearchAction","target":{"@type":"EntryPoint","urlTemplate":"https:\/\/autoleasing.fi\/yrityksille\/?s={search_term_string}"},"query-input":{"@type":"PropertyValueSpecification","valueRequired":true,"valueName":"search_term_string"}}],"inLanguage":"fi"},{"@type":"Organization","@id":"https:\/\/autoleasing.fi\/yrityksille\/#organization","name":"Autoleasing \u2013 Yrityksille","url":"https:\/\/autoleasing.fi\/yrityksille\/","logo":{"@type":"ImageObject","inLanguage":"fi","@id":"https:\/\/autoleasing.fi\/yrityksille\/#\/schema\/logo\/image\/","url":"https:\/\/autoleasing.fi\/yrityksille\/wp-content\/uploads\/2023\/05\/happy-young-woman-looking-out-of-car-window-2.jpg","contentUrl":"https:\/\/autoleasing.fi\/yrityksille\/wp-content\/uploads\/2023\/05\/happy-young-woman-looking-out-of-car-window-2.jpg","width":1600,"height":1157,"caption":"Autoleasing \u2013 Yrityksille"},"image":{"@id":"https:\/\/autoleasing.fi\/yrityksille\/#\/schema\/logo\/image\/"},"sameAs":["https:\/\/fi.linkedin.com\/company\/nffleetfinland"]}]}},"_links":{"self":[{"href":"https:\/\/autoleasing.fi\/yrityksille\/wp-json\/wp\/v2\/pages\/4841","targetHints":{"allow":["GET"]}}],"collection":[{"href":"https:\/\/autoleasing.fi\/yrityksille\/wp-json\/wp\/v2\/pages"}],"about":[{"href":"https:\/\/autoleasing.fi\/yrityksille\/wp-json\/wp\/v2\/types\/page"}],"author":[{"embeddable":true,"href":"https:\/\/autoleasing.fi\/yrityksille\/wp-json\/wp\/v2\/users\/1"}],"replies":[{"embeddable":true,"href":"https:\/\/autoleasing.fi\/yrityksille\/wp-json\/wp\/v2\/comments?post=4841"}],"version-history":[{"count":60,"href":"https:\/\/autoleasing.fi\/yrityksille\/wp-json\/wp\/v2\/pages\/4841\/revisions"}],"predecessor-version":[{"id":6474,"href":"https:\/\/autoleasing.fi\/yrityksille\/wp-json\/wp\/v2\/pages\/4841\/revisions\/6474"}],"up":[{"embeddable":true,"href":"https:\/\/autoleasing.fi\/yrityksille\/wp-json\/wp\/v2\/pages\/4464"}],"wp:featuredmedia":[{"embeddable":true,"href":"https:\/\/autoleasing.fi\/yrityksille\/wp-json\/wp\/v2\/media\/5370"}],"wp:attachment":[{"href":"https:\/\/autoleasing.fi\/yrityksille\/wp-json\/wp\/v2\/media?parent=4841"}],"curies":[{"name":"wp","href":"https:\/\/api.w.org\/{rel}","templated":true}]}}