{"id":13,"date":"2023-05-08T15:46:10","date_gmt":"2023-05-08T12:46:10","guid":{"rendered":"https:\/\/autoleasing.fi\/yrityksille\/?page_id=13"},"modified":"2025-12-08T12:21:35","modified_gmt":"2025-12-08T10:21:35","slug":"huoltoleasing","status":"publish","type":"page","link":"https:\/\/autoleasing.fi\/yrityksille\/leasingpalvelut\/huoltoleasing\/","title":{"rendered":"Huoltoleasing"},"content":{"rendered":"\n<div class=\"wp-block-group row bg-grey is-layout-flow wp-block-group-is-layout-flow\">\n<div class=\"wp-block-group site-content wrapper flex-columns has-global-padding is-layout-constrained wp-block-group-is-layout-constrained\">\n<div class=\"wp-block-columns is-layout-flex wp-container-core-columns-is-layout-28f84493 wp-block-columns-is-layout-flex\">\n<div class=\"wp-block-column has-white-background-color has-background is-layout-flow wp-block-column-is-layout-flow\" style=\"padding-top:var(--wp--preset--spacing--60);padding-right:var(--wp--preset--spacing--60);padding-bottom:var(--wp--preset--spacing--60);padding-left:var(--wp--preset--spacing--60)\">\n<h2 class=\"wp-block-heading\">Huoleton Huoltoleasing<\/h2>\n\n\n\n<p>Huoltoleasingill\u00e4 vuokraat haluamasi uuden auton esimerkiksi kolmeksi vuodeksi sovitulla kilometrim\u00e4\u00e4r\u00e4ll\u00e4 kiinte\u00e4\u00e4n kuukausihintaan. Hinta sis\u00e4lt\u00e4\u00e4 l\u00e4hes kaikki autoilun kulut aina huolloista korjauksiin, katsastuksiin sek\u00e4 renkaisiin saakka. Huoltoleasing on huoleton vaihtoehto, sill\u00e4 n\u00e4in yrityksen p\u00e4\u00e4omaa ei ole sidottuna autoihin. Riskin auton arvon alenemisesta kantaa yrityksesi puolesta Autoleasing-palvelun tuottava NF Fleet.<\/p>\n\n\n\n<h2 class=\"wp-block-heading\">Kaiken kokoisille yrityksille<\/h2>\n\n\n\n<p>Huoltoleasing sopii kaiken kokoisille yrityksille. Oli kyse sitten yksitt\u00e4isest\u00e4 autosta tai suuremmasta autokannasta, autamme sinua mitoittamaan leasingsopimuksen edustamasi yrityksen kokoon ja liikkumistarpeisiin sopivaksi. Keskitt\u00e4minen tarjoaa&nbsp; tuntuvia taloudellisia etuja. Huoltoleasing on saatavana sek\u00e4 henkil\u00f6autoille, pakettiautoille ett\u00e4 kevytkuorma-autoille. Voit laskea vapaan autoedun ja k\u00e4ytt\u00f6edun m\u00e4\u00e4r\u00e4n valitsemallesi autolle helposti <a href=\"https:\/\/autoleasing.fi\/yrityksille\/autoilijalle\/verotusarvolaskuri\/\">verotusarvolaskurillamme<\/a>.<\/p>\n\n\n\n<h2 class=\"wp-block-heading\">M\u00e4\u00e4r\u00e4aikaishuollot<\/h2>\n\n\n\n<p>Jotta matka jatkuisi sujuvasti, hyv\u00e4kin auto pit\u00e4\u00e4 huoltaa ajallaan. Ty\u00f6suhdeauton m\u00e4\u00e4r\u00e4aikaishuollot ovat maksuttomia Huoltoleasing-asiakkaille.<\/p>\n\n\n\n<p><a href=\"https:\/\/autoleasing.fi\/yrityksille\/autoilijalle\/huolto\/\">Lue lis\u00e4\u00e4 leasingauton huoltamisesta<\/a><\/p>\n<\/div>\n\n\n\n<div class=\"wp-block-column has-white-background-color has-background is-layout-flow wp-block-column-is-layout-flow\" style=\"padding-top:var(--wp--preset--spacing--60);padding-right:var(--wp--preset--spacing--60);padding-bottom:var(--wp--preset--spacing--60);padding-left:var(--wp--preset--spacing--60)\">\n<h2 class=\"wp-block-heading\">Miksi valita Huoltoleasing?<\/h2>\n\n\n\n<ul class=\"wp-block-list\">\n<li>Tarkkaan ennakoitavat autoilukustannukset<\/li>\n\n\n\n<li>Huoleton ja kustannustehokas vaihtoehto yritysautoiluun<\/li>\n\n\n\n<li>Et sido yrityksen p\u00e4\u00e4omaa autoihin<\/li>\n\n\n\n<li>NF Fleet huolehtii auton j\u00e4\u00e4nn\u00f6sarvosta<\/li>\n\n\n\n<li>Yksi kuukausihinta<\/li>\n\n\n\n<li>Valittavanasi kaikki henkil\u00f6auto-, pakettiauto- ja kevytkuorma-automerkit- ja mallit&nbsp;(ei koske raskasta kalustoa)<\/li>\n\n\n\n<li>Sopimus sis\u00e4lt\u00e4\u00e4 m\u00e4\u00e4r\u00e4aikaishuollot, katsastukset sek\u00e4 normaalista kulumisesta&nbsp;johtuvat tekniset korjaukset sopimuskilometrien mukaisesti<\/li>\n\n\n\n<li>Sopimus sis\u00e4lt\u00e4\u00e4 renkaat ja niiden kausivaihdot<\/li>\n\n\n\n<li>Sopimukseen on liitett\u00e4viss\u00e4 eritt\u00e4in kilpailukykyinen <a href=\"https:\/\/autoleasing.fi\/yrityksille\/lisapalvelut\/taysvakuutus\/\">T\u00e4ysvakuutus<\/a><\/li>\n\n\n\n<li>Merkitt\u00e4v\u00e4t keskitt\u00e4misedut yhteisty\u00f6sopimusasiakkaalle<\/li>\n\n\n\n<li>Autopolitiikan konsultointi<\/li>\n\n\n\n<li>Korkeatasoinen palvelu<\/li>\n\n\n\n<li>24\/7 tiepalvelu autoilijan apuna<\/li>\n<\/ul>\n\n\n\n<div class=\"wp-block-buttons is-layout-flex wp-block-buttons-is-layout-flex\">\n<div class=\"wp-block-button popup\"><a class=\"wp-block-button__link wp-element-button\" href=\"#yhteydenotto\">Ota yhteytt\u00e4<\/a><\/div>\n<\/div>\n\n\n\n<p><a href=\"https:\/\/autoleasing.fi\/yrityksille\/wp-content\/uploads\/2021\/05\/NF-Fleet-Huoltoleasing_Vuokrausehdot-.pdf\">Lue huoltoleasing-sopimusehdot<\/a><\/p>\n<\/div>\n<\/div>\n<\/div>\n<\/div>\n","protected":false},"excerpt":{"rendered":"<p>Huoleton Huoltoleasing Huoltoleasingill\u00e4 vuokraat haluamasi uuden auton esimerkiksi kolmeksi vuodeksi sovitulla kilometrim\u00e4\u00e4r\u00e4ll\u00e4 kiinte\u00e4\u00e4n kuukausihintaan. Hinta sis\u00e4lt\u00e4\u00e4 l\u00e4hes kaikki autoilun kulut aina huolloista korjauksiin, katsastuksiin sek\u00e4 renkaisiin saakka. Huoltoleasing on huoleton vaihtoehto, sill\u00e4 n\u00e4in yrityksen p\u00e4\u00e4omaa ei ole sidottuna autoihin. Riskin auton arvon alenemisesta kantaa yrityksesi puolesta Autoleasing-palvelun tuottava NF Fleet. Kaiken kokoisille yrityksille Huoltoleasing sopii [&hellip;]<\/p>\n","protected":false},"author":1,"featured_media":5455,"parent":11,"menu_order":0,"comment_status":"closed","ping_status":"closed","template":"page-templates\/service-page.php","meta":{"_acf_changed":false,"footnotes":""},"class_list":["post-13","page","type-page","status-publish","has-post-thumbnail","hentry"],"acf":[],"yoast_head":"<!-- This site is optimized with the Yoast SEO plugin v27.2 - https:\/\/yoast.com\/product\/yoast-seo-wordpress\/ -->\n<title>Huoltoleasing - Autoleasing \u2013 Yrityksille<\/title>\n<meta name=\"robots\" content=\"index, follow, max-snippet:-1, max-image-preview:large, max-video-preview:-1\" \/>\n<link rel=\"canonical\" href=\"https:\/\/autoleasing.fi\/yrityksille\/leasingpalvelut\/huoltoleasing\/\" \/>\n<meta property=\"og:locale\" content=\"fi_FI\" \/>\n<meta property=\"og:type\" content=\"article\" \/>\n<meta property=\"og:title\" content=\"Huoltoleasing - Autoleasing \u2013 Yrityksille\" \/>\n<meta property=\"og:description\" content=\"Huoleton Huoltoleasing Huoltoleasingill\u00e4 vuokraat haluamasi uuden auton esimerkiksi kolmeksi vuodeksi sovitulla kilometrim\u00e4\u00e4r\u00e4ll\u00e4 kiinte\u00e4\u00e4n kuukausihintaan. Hinta sis\u00e4lt\u00e4\u00e4 l\u00e4hes kaikki autoilun kulut aina huolloista korjauksiin, katsastuksiin sek\u00e4 renkaisiin saakka. Huoltoleasing on huoleton vaihtoehto, sill\u00e4 n\u00e4in yrityksen p\u00e4\u00e4omaa ei ole sidottuna autoihin. Riskin auton arvon alenemisesta kantaa yrityksesi puolesta Autoleasing-palvelun tuottava NF Fleet. Kaiken kokoisille yrityksille Huoltoleasing sopii [&hellip;]\" \/>\n<meta property=\"og:url\" content=\"https:\/\/autoleasing.fi\/yrityksille\/leasingpalvelut\/huoltoleasing\/\" \/>\n<meta property=\"og:site_name\" content=\"Autoleasing \u2013 Yrityksille\" \/>\n<meta property=\"article:modified_time\" content=\"2025-12-08T10:21:35+00:00\" \/>\n<meta property=\"og:image\" content=\"https:\/\/autoleasing.fi\/yrityksille\/wp-content\/uploads\/2023\/06\/man-driving-a-car.jpg\" \/>\n\t<meta property=\"og:image:width\" content=\"1600\" \/>\n\t<meta property=\"og:image:height\" content=\"1060\" \/>\n\t<meta property=\"og:image:type\" content=\"image\/jpeg\" \/>\n<meta name=\"twitter:card\" content=\"summary_large_image\" \/>\n<meta name=\"twitter:label1\" content=\"Arvioitu lukuaika\" \/>\n\t<meta name=\"twitter:data1\" content=\"2 minuuttia\" \/>\n<script type=\"application\/ld+json\" class=\"yoast-schema-graph\">{\"@context\":\"https:\/\/schema.org\",\"@graph\":[{\"@type\":\"WebPage\",\"@id\":\"https:\/\/autoleasing.fi\/yrityksille\/leasingpalvelut\/huoltoleasing\/\",\"url\":\"https:\/\/autoleasing.fi\/yrityksille\/leasingpalvelut\/huoltoleasing\/\",\"name\":\"Huoltoleasing - Autoleasing \u2013 Yrityksille\",\"isPartOf\":{\"@id\":\"https:\/\/autoleasing.fi\/yrityksille\/#website\"},\"primaryImageOfPage\":{\"@id\":\"https:\/\/autoleasing.fi\/yrityksille\/leasingpalvelut\/huoltoleasing\/#primaryimage\"},\"image\":{\"@id\":\"https:\/\/autoleasing.fi\/yrityksille\/leasingpalvelut\/huoltoleasing\/#primaryimage\"},\"thumbnailUrl\":\"https:\/\/autoleasing.fi\/yrityksille\/wp-content\/uploads\/2023\/06\/man-driving-a-car.jpg\",\"datePublished\":\"2023-05-08T12:46:10+00:00\",\"dateModified\":\"2025-12-08T10:21:35+00:00\",\"breadcrumb\":{\"@id\":\"https:\/\/autoleasing.fi\/yrityksille\/leasingpalvelut\/huoltoleasing\/#breadcrumb\"},\"inLanguage\":\"fi\",\"potentialAction\":[{\"@type\":\"ReadAction\",\"target\":[\"https:\/\/autoleasing.fi\/yrityksille\/leasingpalvelut\/huoltoleasing\/\"]}]},{\"@type\":\"ImageObject\",\"inLanguage\":\"fi\",\"@id\":\"https:\/\/autoleasing.fi\/yrityksille\/leasingpalvelut\/huoltoleasing\/#primaryimage\",\"url\":\"https:\/\/autoleasing.fi\/yrityksille\/wp-content\/uploads\/2023\/06\/man-driving-a-car.jpg\",\"contentUrl\":\"https:\/\/autoleasing.fi\/yrityksille\/wp-content\/uploads\/2023\/06\/man-driving-a-car.jpg\",\"width\":1600,\"height\":1060},{\"@type\":\"BreadcrumbList\",\"@id\":\"https:\/\/autoleasing.fi\/yrityksille\/leasingpalvelut\/huoltoleasing\/#breadcrumb\",\"itemListElement\":[{\"@type\":\"ListItem\",\"position\":1,\"name\":\"Etusivu\",\"item\":\"https:\/\/autoleasing.fi\/yrityksille\/\"},{\"@type\":\"ListItem\",\"position\":2,\"name\":\"Leasingpalvelut\",\"item\":\"https:\/\/autoleasing.fi\/yrityksille\/leasingpalvelut\/\"},{\"@type\":\"ListItem\",\"position\":3,\"name\":\"Huoltoleasing\"}]},{\"@type\":\"WebSite\",\"@id\":\"https:\/\/autoleasing.fi\/yrityksille\/#website\",\"url\":\"https:\/\/autoleasing.fi\/yrityksille\/\",\"name\":\"Autoleasing \u2013 Yrityksille\",\"description\":\"\",\"publisher\":{\"@id\":\"https:\/\/autoleasing.fi\/yrityksille\/#organization\"},\"potentialAction\":[{\"@type\":\"SearchAction\",\"target\":{\"@type\":\"EntryPoint\",\"urlTemplate\":\"https:\/\/autoleasing.fi\/yrityksille\/?s={search_term_string}\"},\"query-input\":{\"@type\":\"PropertyValueSpecification\",\"valueRequired\":true,\"valueName\":\"search_term_string\"}}],\"inLanguage\":\"fi\"},{\"@type\":\"Organization\",\"@id\":\"https:\/\/autoleasing.fi\/yrityksille\/#organization\",\"name\":\"Autoleasing \u2013 Yrityksille\",\"url\":\"https:\/\/autoleasing.fi\/yrityksille\/\",\"logo\":{\"@type\":\"ImageObject\",\"inLanguage\":\"fi\",\"@id\":\"https:\/\/autoleasing.fi\/yrityksille\/#\/schema\/logo\/image\/\",\"url\":\"https:\/\/autoleasing.fi\/yrityksille\/wp-content\/uploads\/2023\/05\/happy-young-woman-looking-out-of-car-window-2.jpg\",\"contentUrl\":\"https:\/\/autoleasing.fi\/yrityksille\/wp-content\/uploads\/2023\/05\/happy-young-woman-looking-out-of-car-window-2.jpg\",\"width\":1600,\"height\":1157,\"caption\":\"Autoleasing \u2013 Yrityksille\"},\"image\":{\"@id\":\"https:\/\/autoleasing.fi\/yrityksille\/#\/schema\/logo\/image\/\"},\"sameAs\":[\"https:\/\/fi.linkedin.com\/company\/nffleetfinland\"]}]}<\/script>\n<!-- \/ Yoast SEO plugin. -->","yoast_head_json":{"title":"Huoltoleasing - Autoleasing \u2013 Yrityksille","robots":{"index":"index","follow":"follow","max-snippet":"max-snippet:-1","max-image-preview":"max-image-preview:large","max-video-preview":"max-video-preview:-1"},"canonical":"https:\/\/autoleasing.fi\/yrityksille\/leasingpalvelut\/huoltoleasing\/","og_locale":"fi_FI","og_type":"article","og_title":"Huoltoleasing - Autoleasing \u2013 Yrityksille","og_description":"Huoleton Huoltoleasing Huoltoleasingill\u00e4 vuokraat haluamasi uuden auton esimerkiksi kolmeksi vuodeksi sovitulla kilometrim\u00e4\u00e4r\u00e4ll\u00e4 kiinte\u00e4\u00e4n kuukausihintaan. Hinta sis\u00e4lt\u00e4\u00e4 l\u00e4hes kaikki autoilun kulut aina huolloista korjauksiin, katsastuksiin sek\u00e4 renkaisiin saakka. Huoltoleasing on huoleton vaihtoehto, sill\u00e4 n\u00e4in yrityksen p\u00e4\u00e4omaa ei ole sidottuna autoihin. Riskin auton arvon alenemisesta kantaa yrityksesi puolesta Autoleasing-palvelun tuottava NF Fleet. Kaiken kokoisille yrityksille Huoltoleasing sopii [&hellip;]","og_url":"https:\/\/autoleasing.fi\/yrityksille\/leasingpalvelut\/huoltoleasing\/","og_site_name":"Autoleasing \u2013 Yrityksille","article_modified_time":"2025-12-08T10:21:35+00:00","og_image":[{"width":1600,"height":1060,"url":"https:\/\/autoleasing.fi\/yrityksille\/wp-content\/uploads\/2023\/06\/man-driving-a-car.jpg","type":"image\/jpeg"}],"twitter_card":"summary_large_image","twitter_misc":{"Arvioitu lukuaika":"2 minuuttia"},"schema":{"@context":"https:\/\/schema.org","@graph":[{"@type":"WebPage","@id":"https:\/\/autoleasing.fi\/yrityksille\/leasingpalvelut\/huoltoleasing\/","url":"https:\/\/autoleasing.fi\/yrityksille\/leasingpalvelut\/huoltoleasing\/","name":"Huoltoleasing - Autoleasing \u2013 Yrityksille","isPartOf":{"@id":"https:\/\/autoleasing.fi\/yrityksille\/#website"},"primaryImageOfPage":{"@id":"https:\/\/autoleasing.fi\/yrityksille\/leasingpalvelut\/huoltoleasing\/#primaryimage"},"image":{"@id":"https:\/\/autoleasing.fi\/yrityksille\/leasingpalvelut\/huoltoleasing\/#primaryimage"},"thumbnailUrl":"https:\/\/autoleasing.fi\/yrityksille\/wp-content\/uploads\/2023\/06\/man-driving-a-car.jpg","datePublished":"2023-05-08T12:46:10+00:00","dateModified":"2025-12-08T10:21:35+00:00","breadcrumb":{"@id":"https:\/\/autoleasing.fi\/yrityksille\/leasingpalvelut\/huoltoleasing\/#breadcrumb"},"inLanguage":"fi","potentialAction":[{"@type":"ReadAction","target":["https:\/\/autoleasing.fi\/yrityksille\/leasingpalvelut\/huoltoleasing\/"]}]},{"@type":"ImageObject","inLanguage":"fi","@id":"https:\/\/autoleasing.fi\/yrityksille\/leasingpalvelut\/huoltoleasing\/#primaryimage","url":"https:\/\/autoleasing.fi\/yrityksille\/wp-content\/uploads\/2023\/06\/man-driving-a-car.jpg","contentUrl":"https:\/\/autoleasing.fi\/yrityksille\/wp-content\/uploads\/2023\/06\/man-driving-a-car.jpg","width":1600,"height":1060},{"@type":"BreadcrumbList","@id":"https:\/\/autoleasing.fi\/yrityksille\/leasingpalvelut\/huoltoleasing\/#breadcrumb","itemListElement":[{"@type":"ListItem","position":1,"name":"Etusivu","item":"https:\/\/autoleasing.fi\/yrityksille\/"},{"@type":"ListItem","position":2,"name":"Leasingpalvelut","item":"https:\/\/autoleasing.fi\/yrityksille\/leasingpalvelut\/"},{"@type":"ListItem","position":3,"name":"Huoltoleasing"}]},{"@type":"WebSite","@id":"https:\/\/autoleasing.fi\/yrityksille\/#website","url":"https:\/\/autoleasing.fi\/yrityksille\/","name":"Autoleasing \u2013 Yrityksille","description":"","publisher":{"@id":"https:\/\/autoleasing.fi\/yrityksille\/#organization"},"potentialAction":[{"@type":"SearchAction","target":{"@type":"EntryPoint","urlTemplate":"https:\/\/autoleasing.fi\/yrityksille\/?s={search_term_string}"},"query-input":{"@type":"PropertyValueSpecification","valueRequired":true,"valueName":"search_term_string"}}],"inLanguage":"fi"},{"@type":"Organization","@id":"https:\/\/autoleasing.fi\/yrityksille\/#organization","name":"Autoleasing \u2013 Yrityksille","url":"https:\/\/autoleasing.fi\/yrityksille\/","logo":{"@type":"ImageObject","inLanguage":"fi","@id":"https:\/\/autoleasing.fi\/yrityksille\/#\/schema\/logo\/image\/","url":"https:\/\/autoleasing.fi\/yrityksille\/wp-content\/uploads\/2023\/05\/happy-young-woman-looking-out-of-car-window-2.jpg","contentUrl":"https:\/\/autoleasing.fi\/yrityksille\/wp-content\/uploads\/2023\/05\/happy-young-woman-looking-out-of-car-window-2.jpg","width":1600,"height":1157,"caption":"Autoleasing \u2013 Yrityksille"},"image":{"@id":"https:\/\/autoleasing.fi\/yrityksille\/#\/schema\/logo\/image\/"},"sameAs":["https:\/\/fi.linkedin.com\/company\/nffleetfinland"]}]}},"_links":{"self":[{"href":"https:\/\/autoleasing.fi\/yrityksille\/wp-json\/wp\/v2\/pages\/13","targetHints":{"allow":["GET"]}}],"collection":[{"href":"https:\/\/autoleasing.fi\/yrityksille\/wp-json\/wp\/v2\/pages"}],"about":[{"href":"https:\/\/autoleasing.fi\/yrityksille\/wp-json\/wp\/v2\/types\/page"}],"author":[{"embeddable":true,"href":"https:\/\/autoleasing.fi\/yrityksille\/wp-json\/wp\/v2\/users\/1"}],"replies":[{"embeddable":true,"href":"https:\/\/autoleasing.fi\/yrityksille\/wp-json\/wp\/v2\/comments?post=13"}],"version-history":[{"count":40,"href":"https:\/\/autoleasing.fi\/yrityksille\/wp-json\/wp\/v2\/pages\/13\/revisions"}],"predecessor-version":[{"id":6438,"href":"https:\/\/autoleasing.fi\/yrityksille\/wp-json\/wp\/v2\/pages\/13\/revisions\/6438"}],"up":[{"embeddable":true,"href":"https:\/\/autoleasing.fi\/yrityksille\/wp-json\/wp\/v2\/pages\/11"}],"wp:featuredmedia":[{"embeddable":true,"href":"https:\/\/autoleasing.fi\/yrityksille\/wp-json\/wp\/v2\/media\/5455"}],"wp:attachment":[{"href":"https:\/\/autoleasing.fi\/yrityksille\/wp-json\/wp\/v2\/media?parent=13"}],"curies":[{"name":"wp","href":"https:\/\/api.w.org\/{rel}","templated":true}]}}